CRAN Package Check Results for Package ENmisc

Last updated on 2019-01-15 22:50:05 CET.

Flavor Version Tinstall Tcheck Ttotal Status Flags
r-devel-linux-x86_64-debian-clang 1.2-7 6.26 68.17 74.43 NOTE
r-devel-linux-x86_64-debian-gcc 1.2-7 6.01 52.76 58.77 NOTE
r-devel-linux-x86_64-fedora-clang 1.2-7 87.57 NOTE
r-devel-linux-x86_64-fedora-gcc 1.2-7 82.94 NOTE
r-devel-windows-ix86+x86_64 1.2-7 12.00 80.00 92.00 NOTE
r-patched-linux-x86_64 1.2-7 5.40 62.40 67.80 NOTE
r-patched-solaris-x86 1.2-7 145.00 NOTE
r-release-linux-x86_64 1.2-7 5.81 62.44 68.25 NOTE
r-release-windows-ix86+x86_64 1.2-7 18.00 79.00 97.00 NOTE
r-release-osx-x86_64 1.2-7 NOTE
r-oldrel-windows-ix86+x86_64 1.2-7 13.00 79.00 92.00 WARN
r-oldrel-osx-x86_64 1.2-7 NOTE

Check Details

Version: 1.2-7
Check: top-level files
Result: NOTE
    Non-standard file/directory found at top level:
     ‘CHANGES.txt’
Flavors: r-devel-linux-x86_64-debian-clang, r-devel-linux-x86_64-debian-gcc, r-devel-linux-x86_64-fedora-clang, r-devel-linux-x86_64-fedora-gcc, r-patched-linux-x86_64, r-release-linux-x86_64

Version: 1.2-7
Check: dependencies in R code
Result: NOTE
    'library' or 'require' call to ‘RColorBrewer’ which was already attached by Depends.
     Please remove these calls from your code.
    'library' or 'require' calls in package code:
     ‘Rcmdr’ ‘gWidgets’ ‘gWidgetstcltk’
     Please use :: or requireNamespace() instead.
     See section 'Suggested packages' in the 'Writing R Extensions' manual.
    Packages in Depends field not imported from:
     ‘Hmisc’ ‘RColorBrewer’ ‘vcd’
     These packages need to be imported from (in the NAMESPACE file)
     for when this namespace is loaded but not attached.
Flavors: r-devel-linux-x86_64-debian-clang, r-devel-linux-x86_64-debian-gcc, r-devel-linux-x86_64-fedora-clang, r-devel-linux-x86_64-fedora-gcc, r-devel-windows-ix86+x86_64, r-patched-linux-x86_64, r-patched-solaris-x86, r-release-linux-x86_64, r-release-windows-ix86+x86_64, r-release-osx-x86_64, r-oldrel-windows-ix86+x86_64, r-oldrel-osx-x86_64

Version: 1.2-7
Check: R code for possible problems
Result: NOTE
    CommanderWindowP: no visible global function definition for
     ‘CommanderWindow’
    aperm.structable: no visible global function definition for
     ‘structable’
    brewer.pal.ext: no visible global function definition for ‘brewer.pal’
    errorMessage: no visible global function definition for ‘Message’
    errorMessage: no visible global function definition for ‘gmessage’
    make_modal: no visible global function definition for ‘is’
    make_modal: no visible global function definition for ‘tkwait.window’
    margin.table.structable: no visible global function definition for
     ‘structable’
    mosaicPermDialogHelper: no visible global function definition for
     ‘visible<-’
    mosaicPermDialogHelper : updatedisplay: no visible global function
     definition for ‘enabled<-’
    mosaicPermDialogHelper : updatedisplay: no visible global function
     definition for ‘svalue’
    mosaicPermDialogHelper : updatedisplay: no visible global function
     definition for ‘svalue<-’
    mosaicPermDialogHelper : plotmosaic: no visible global function
     definition for ‘svalue’
    mosaicPermDialogHelper : plotmosaic: no visible global function
     definition for ‘svalue<-’
    mosaicPermDialogHelper : checkbuttonhandler : <anonymous>: no visible
     global function definition for ‘svalue’
    mosaicPermDialogHelper : keepMarginHandler: no visible global function
     definition for ‘svalue’
    mosaicPermDialogHelper : hideButton: no visible global function
     definition for ‘delete’
    mosaicPermDialogHelper : showButton: no visible global function
     definition for ‘add’
    mosaicPermDialogHelper : plottypebuttonhandler: no visible global
     function definition for ‘svalue’
    mosaicPermDialogHelper : plottypebuttonhandler: no visible global
     function definition for ‘svalue<-’
    mosaicPermDialogHelper : plottypebuttonhandler: no visible global
     function definition for ‘enabled<-’
    mosaicPermDialogHelper : OKbuttonhandler: no visible global function
     definition for ‘doItAndPrint’
    mosaicPermDialogHelper : resulttypebuttonhandler: no visible global
     function definition for ‘svalue’
    mosaicPermDialogHelper: no visible global function definition for
     ‘gbasicdialog’
    mosaicPermDialogHelper: no visible global function definition for
     ‘ggroup’
    mosaicPermDialogHelper: no visible global function definition for
     ‘addSpring’
    mosaicPermDialogHelper: no visible global function definition for
     ‘glayout’
    mosaicPermDialogHelper: no visible global function definition for
     ‘glabel’
    mosaicPermDialogHelper: no visible global function definition for
     ‘gbutton’
    mosaicPermDialogHelper: no visible global function definition for
     ‘gcheckbox’
    mosaicPermDialogHelper: no visible global function definition for
     ‘svalue<-’
    mosaicPermDialogHelper: no visible global function definition for
     ‘gframe’
    mosaicPermDialogHelper: no visible global function definition for
     ‘gradio’
    mosaicPermDialogHelper: no visible global function definition for
     ‘addHandlerClicked’
    mosaicPermDialogHelper: no visible global function definition for
     ‘addSpace’
    mosaicPermDialogHelper: no visible global function definition for
     ‘gseparator’
    mosaicPermDialogHelper: no visible global function definition for
     ‘gedit’
    mosaicPermDialogHelper: no visible global function definition for
     ‘size<-’
    mosaicPermDialogHelper: no visible global function definition for
     ‘editable<-’
    mosaicPermDialogHelper: no visible global function definition for
     ‘svalue’
    mosaicPermDialogHelper: no visible global function definition for
     ‘visible’
    mosaicPermDialogHelper: no visible global function definition for
     ‘dispose’
    mosaicSelectDialog : dotable: no visible global function definition for
     ‘svalue’
    mosaicSelectDialog: no visible global function definition for ‘gwindow’
    mosaicSelectDialog: no visible global function definition for ‘ggroup’
    mosaicSelectDialog: no visible global function definition for ‘glabel’
    mosaicSelectDialog: no visible global function definition for
     ‘gcombobox’
    mosaicSelectDialog : doOKbutton: no visible global function definition
     for ‘svalue’
    mosaicSelectDialog : doOKbutton: no visible global function definition
     for ‘dispose’
    mosaicSelectDialog: no visible global function definition for
     ‘addSpace’
    mosaicSelectDialog: no visible global function definition for ‘gbutton’
    mosaicSelectDialog: no visible global function definition for ‘focus<-’
    mosaicSelectDialog: no visible global function definition for
     ‘visible<-’
    mosaicableObjectAndNamestring: no visible global function definition
     for ‘structable’
    raise: no visible global function definition for ‘tkraise’
    raise: no visible global function definition for ‘getToolkitWidget’
    setMosaicPalette: no visible binding for global variable
     ‘brewer.pal.info’
    structableExpression: no visible global function definition for
     ‘is.structable’
    vecArg: no visible global function definition for ‘capture.output’
    warnMessage: no visible global function definition for ‘Message’
    warnMessage: no visible global function definition for ‘gmessage’
    Undefined global functions or variables:
     CommanderWindow Message add addHandlerClicked addSpace addSpring
     brewer.pal brewer.pal.info capture.output delete dispose doItAndPrint
     editable<- enabled<- focus<- gbasicdialog gbutton gcheckbox gcombobox
     gedit getToolkitWidget gframe ggroup glabel glayout gmessage gradio
     gseparator gwindow is is.structable size<- structable svalue svalue<-
     tkraise tkwait.window visible visible<-
    Consider adding
     importFrom("methods", "is")
     importFrom("utils", "capture.output")
    to your NAMESPACE file (and ensure that your DESCRIPTION Imports field
    contains 'methods').
Flavors: r-devel-linux-x86_64-debian-clang, r-devel-linux-x86_64-debian-gcc, r-devel-linux-x86_64-fedora-clang, r-devel-linux-x86_64-fedora-gcc, r-devel-windows-ix86+x86_64, r-patched-linux-x86_64, r-patched-solaris-x86, r-release-linux-x86_64, r-release-windows-ix86+x86_64, r-release-osx-x86_64, r-oldrel-windows-ix86+x86_64, r-oldrel-osx-x86_64

Version: 1.2-7
Check: Rd line widths
Result: NOTE
    Rd file 'mosaicPermDialog.Rd':
     \usage lines wider than 90 characters:
     displayPermCommand=TRUE, extendedOptions=TRUE)
     setMosaicPalette(palettename,reverse=FALSE)
    
    These lines will be truncated in the PDF manual.
Flavors: r-devel-linux-x86_64-debian-clang, r-devel-linux-x86_64-debian-gcc, r-devel-linux-x86_64-fedora-clang, r-devel-linux-x86_64-fedora-gcc, r-patched-linux-x86_64, r-release-linux-x86_64

Version: 1.2-7
Check: whether package can be installed
Result: WARN
    Found the following significant warnings:
     Warning: S3 methods '[.fun_list', '[.grouped_df', 'all.equal.tbl_df', 'anti_join.data.frame', 'anti_join.tbl_df', 'arrange.data.frame', 'arrange.default', 'arrange.grouped_df', 'arrange.tbl_df', 'arrange_.data.frame', 'arrange_.tbl_df', 'as.data.frame.grouped_df', 'as.data.frame.rowwise_df', 'as.data.frame.tbl_cube', 'as.table.tbl_cube', 'as.tbl.data.frame', 'as.tbl.tbl', 'as.tbl_cube.array', 'as.tbl_cube.data.frame', 'as.tbl_cube.matrix', 'as.tbl_cube.table', 'as_tibble.grouped_df', 'as_tibble.tbl_cube', 'auto_copy.tbl_cube', 'auto_copy.tbl_df', 'cbind.grouped_df', 'collapse.data.frame', 'collect.data.frame', 'common_by.NULL', 'common_by.character', 'common_by.default', 'common_by.list', 'compute.data.frame', 'copy_to.DBIConnection', 'copy_to.src_local', 'default_missing.data.frame', 'default_missing.default', 'dim.tbl_cube', 'distinct.data.frame', 'distinct.default', 'distinct.grouped_df', 'distinct.tbl_df', 'distinct_.data.frame', 'distinct_.grouped_df', 'distinct_.tbl_df', 'do.NULL', 'do.da [... truncated]
Flavor: r-oldrel-windows-ix86+x86_64