Last updated on 2024-04-17 22:59:50 CEST.
Flavor | Version | Tinstall | Tcheck | Ttotal | Status | Flags |
---|---|---|---|---|---|---|
r-devel-linux-x86_64-debian-clang | 1.9-1 | 9.83 | 60.24 | 70.07 | OK | |
r-devel-linux-x86_64-debian-gcc | 1.9-1 | 7.41 | 45.97 | 53.38 | OK | |
r-devel-linux-x86_64-fedora-clang | 1.9-1 | 87.72 | NOTE | |||
r-devel-linux-x86_64-fedora-gcc | 1.9-1 | 87.03 | OK | |||
r-prerel-macos-arm64 | 1.9-1 | 27.00 | OK | |||
r-prerel-windows-x86_64 | 1.9-1 | 7.00 | 65.00 | 72.00 | OK | |
r-patched-linux-x86_64 | 1.9-1 | 8.26 | 59.72 | 67.98 | OK | |
r-release-linux-x86_64 | 1.9-1 | 6.29 | 60.49 | 66.78 | OK | |
r-release-macos-arm64 | 1.9-1 | 28.00 | OK | |||
r-release-macos-x86_64 | 1.9-1 | 51.00 | NOTE | |||
r-release-windows-x86_64 | 1.9-1 | 7.00 | 73.00 | 80.00 | OK | |
r-oldrel-macos-arm64 | 1.9-1 | 28.00 | OK | |||
r-oldrel-windows-x86_64 | 1.9-1 | 10.00 | 77.00 | 87.00 | OK |
Version: 1.9-1
Check: Rd cross-references
Result: NOTE
Undeclared packages ‘carData’, ‘faraway’ in Rd xrefs
Flavor: r-devel-linux-x86_64-fedora-clang
Version: 1.9-1
Check: Rd cross-references
Result: NOTE
Package unavailable to check Rd xrefs: ‘faraway’
Flavor: r-release-macos-x86_64