Last updated on 2024-04-18 22:52:39 CEST.
Flavor | Version | Tinstall | Tcheck | Ttotal | Status | Flags |
---|---|---|---|---|---|---|
r-devel-linux-x86_64-debian-clang | 0.29.4 | 36.70 | 108.90 | 145.60 | OK | |
r-devel-linux-x86_64-debian-gcc | 0.29.4 | 28.74 | 93.44 | 122.18 | OK | |
r-devel-linux-x86_64-fedora-clang | 0.29.4 | 198.41 | NOTE | |||
r-devel-linux-x86_64-fedora-gcc | 0.29.4 | 210.06 | OK | |||
r-prerel-macos-arm64 | 0.29.4 | 74.00 | OK | |||
r-prerel-windows-x86_64 | 0.29.4 | 28.00 | 143.00 | 171.00 | NOTE | |
r-patched-linux-x86_64 | 0.29.4 | 36.98 | 112.14 | 149.12 | OK | |
r-release-linux-x86_64 | 0.29.4 | 37.28 | 112.69 | 149.97 | OK | |
r-release-macos-arm64 | 0.29.4 | 79.00 | OK | |||
r-release-macos-x86_64 | 0.29.4 | 129.00 | OK | |||
r-release-windows-x86_64 | 0.29.4 | 34.00 | 153.00 | 187.00 | NOTE | |
r-oldrel-macos-arm64 | 0.29.4 | 74.00 | OK | |||
r-oldrel-windows-x86_64 | 0.29.4 | 34.00 | 154.00 | 188.00 | OK |
Version: 0.29.4
Check: Rd cross-references
Result: NOTE
Undeclared package ‘EloRating’ in Rd xrefs
Flavor: r-devel-linux-x86_64-fedora-clang
Version: 0.29.4
Check: C++ specification
Result: NOTE
Specified C++11: please drop specification unless essential
Flavors: r-prerel-windows-x86_64, r-release-windows-x86_64