Last updated on 2023-06-10 23:05:50 CEST.
Flavor | Version | Tinstall | Tcheck | Ttotal | Status | Flags |
---|---|---|---|---|---|---|
r-devel-linux-x86_64-debian-clang | 0.46.11 | 74.71 | 195.00 | 269.71 | OK | |
r-devel-linux-x86_64-debian-gcc | 0.46.11 | 51.21 | 145.39 | 196.60 | OK | |
r-devel-linux-x86_64-fedora-clang | 0.46.11 | 347.22 | OK | |||
r-devel-linux-x86_64-fedora-gcc | 0.46.11 | 364.02 | OK | |||
r-devel-windows-x86_64 | 0.46.11 | 57.00 | 279.00 | 336.00 | NOTE | |
r-patched-linux-x86_64 | 0.46.11 | 58.89 | 187.51 | 246.40 | OK | |
r-release-linux-x86_64 | 0.46.11 | 63.66 | 182.86 | 246.52 | OK | |
r-release-macos-arm64 | 0.46.11 | 101.00 | OK | |||
r-release-macos-x86_64 | 0.46.11 | 156.00 | OK | |||
r-release-windows-x86_64 | 0.46.11 | 68.00 | 221.00 | 289.00 | NOTE | |
r-oldrel-macos-arm64 | 0.46.11 | 101.00 | OK | |||
r-oldrel-macos-x86_64 | 0.46.11 | 116.00 | OK | |||
r-oldrel-windows-x86_64 | 0.46.11 | 71.00 | 207.00 | 278.00 | OK |
Version: 0.46.11
Check: C++ specification
Result: NOTE
Specified C++11: please drop specification unless essential
Flavors: r-devel-windows-x86_64, r-release-windows-x86_64