Last updated on 2023-09-22 23:04:57 CEST.
Flavor | Version | Tinstall | Tcheck | Ttotal | Status | Flags |
---|---|---|---|---|---|---|
r-devel-linux-x86_64-debian-clang | 1.0.4 | 387.07 | 44.00 | 431.07 | NOTE | |
r-devel-linux-x86_64-debian-gcc | 1.0.4 | 260.94 | 34.33 | 295.27 | NOTE | |
r-devel-linux-x86_64-fedora-clang | 1.0.4 | 775.89 | NOTE | |||
r-devel-linux-x86_64-fedora-gcc | 1.0.4 | 670.15 | NOTE | |||
r-devel-windows-x86_64 | 1.0.4 | 283.00 | 81.00 | 364.00 | NOTE | |
r-patched-linux-x86_64 | 1.0.4 | 308.34 | 42.42 | 350.76 | NOTE | |
r-release-linux-x86_64 | 1.0.4 | 312.45 | 43.13 | 355.58 | NOTE | |
r-release-macos-arm64 | 1.0.4 | 146.00 | NOTE | |||
r-release-macos-x86_64 | 1.0.4 | 250.00 | NOTE | |||
r-release-windows-x86_64 | 1.0.4 | 365.00 | 92.00 | 457.00 | NOTE | |
r-oldrel-macos-arm64 | 1.0.4 | 135.00 | NOTE | |||
r-oldrel-macos-x86_64 | 1.0.4 | 176.00 | NOTE | |||
r-oldrel-windows-x86_64 | 1.0.4 | 359.00 | 85.00 | 444.00 | OK |
Version: 1.0.4
Check: C++ specification
Result: NOTE
Specified C++11: please drop specification unless essential
Flavors: r-devel-linux-x86_64-debian-clang, r-devel-linux-x86_64-debian-gcc, r-devel-linux-x86_64-fedora-clang, r-devel-linux-x86_64-fedora-gcc, r-devel-windows-x86_64, r-patched-linux-x86_64, r-release-linux-x86_64, r-release-macos-arm64, r-release-macos-x86_64, r-release-windows-x86_64
Version: 1.0.4
Check: installed package size
Result: NOTE
installed size is 9.4Mb
sub-directories of 1Mb or more:
libs 9.0Mb
Flavors: r-release-macos-arm64, r-release-macos-x86_64, r-oldrel-macos-arm64, r-oldrel-macos-x86_64