CRAN Package Check Results for Package EnsemblePenReg

Last updated on 2019-12-10 22:49:31 CET.

Flavor Version Tinstall Tcheck Ttotal Status Flags
r-devel-linux-x86_64-debian-clang 0.7 10.92 92.27 103.19 OK
r-devel-linux-x86_64-debian-gcc 0.7 9.99 69.85 79.84 OK
r-devel-linux-x86_64-fedora-clang 0.7 125.92 OK
r-devel-linux-x86_64-fedora-gcc 0.7 126.15 OK
r-devel-windows-ix86+x86_64 0.7 16.00 5.00 21.00 ERROR
r-devel-windows-ix86+x86_64-gcc8 0.7 16.00 6.00 22.00 ERROR
r-patched-linux-x86_64 0.7 10.00 81.03 91.03 OK
r-patched-solaris-x86 0.7 175.20 OK
r-release-linux-x86_64 0.7 10.73 79.15 89.88 OK
r-release-windows-ix86+x86_64 0.7 27.00 102.00 129.00 OK
r-release-osx-x86_64 0.7 OK
r-oldrel-windows-ix86+x86_64 0.7 12.00 93.00 105.00 OK
r-oldrel-osx-x86_64 0.7 OK

Check Details

Version: 0.7
Check: whether package can be installed
Result: ERROR
    Installation failed.
Flavors: r-devel-windows-ix86+x86_64, r-devel-windows-ix86+x86_64-gcc8