CRAN Package Check Results for Package EntropyMCMC

Last updated on 2019-08-23 22:49:57 CEST.

Flavor Version Tinstall Tcheck Ttotal Status Flags
r-devel-linux-x86_64-debian-clang 1.0.4 7.95 72.91 80.86 OK
r-devel-linux-x86_64-debian-gcc 1.0.4 OK
r-devel-linux-x86_64-fedora-clang 1.0.4 98.57 OK
r-devel-linux-x86_64-fedora-gcc 1.0.4 98.40 OK
r-devel-windows-ix86+x86_64 1.0.4 19.00 114.00 133.00 OK
r-patched-linux-x86_64 1.0.4 9.12 72.34 81.46 OK
r-patched-solaris-x86 1.0.4 139.20 OK
r-release-linux-x86_64 1.0.4 8.26 69.48 77.74 OK
r-release-windows-ix86+x86_64 1.0.4 29.00 160.00 189.00 OK
r-release-osx-x86_64 1.0.4 NOTE
r-oldrel-windows-ix86+x86_64 1.0.4 23.00 151.00 174.00 OK
r-oldrel-osx-x86_64 1.0.4 NOTE

Check Details

Version: 1.0.4
Check: package dependencies
Result: NOTE
    Package suggested but not available for checking: ‘Rmpi’
Flavors: r-release-osx-x86_64, r-oldrel-osx-x86_64