Last updated on 2023-09-28 23:08:44 CEST.
Flavor | Version | Tinstall | Tcheck | Ttotal | Status | Flags |
---|---|---|---|---|---|---|
r-devel-linux-x86_64-debian-clang | 1.0.4 | 17.25 | 151.28 | 168.53 | OK | |
r-devel-linux-x86_64-debian-gcc | 1.0.4 | 14.48 | 111.36 | 125.84 | OK | |
r-devel-linux-x86_64-fedora-clang | 1.0.4 | 216.59 | OK | |||
r-devel-linux-x86_64-fedora-gcc | 1.0.4 | 208.76 | OK | |||
r-devel-windows-x86_64 | 1.0.4 | 16.00 | 121.00 | 137.00 | OK | |
r-patched-linux-x86_64 | 1.0.4 | 12.51 | 141.08 | 153.59 | OK | |
r-release-linux-x86_64 | 1.0.4 | 11.29 | 145.84 | 157.13 | OK | |
r-release-macos-arm64 | 1.0.4 | 59.00 | NOTE | |||
r-release-macos-x86_64 | 1.0.4 | 94.00 | NOTE | |||
r-release-windows-x86_64 | 1.0.4 | 22.00 | 150.00 | 172.00 | OK | |
r-oldrel-macos-arm64 | 1.0.4 | 41.00 | NOTE | |||
r-oldrel-macos-x86_64 | 1.0.4 | 60.00 | NOTE | |||
r-oldrel-windows-x86_64 | 1.0.4 | 23.00 | 152.00 | 175.00 | OK |
Version: 1.0.4
Check: package dependencies
Result: NOTE
Package suggested but not available for checking: ‘Rmpi’
Flavors: r-release-macos-arm64, r-release-macos-x86_64, r-oldrel-macos-arm64, r-oldrel-macos-x86_64