CRAN Package Check Results for Package EntropyMCMC

Last updated on 2020-01-18 22:48:31 CET.

Flavor Version Tinstall Tcheck Ttotal Status Flags
r-devel-linux-x86_64-debian-clang 1.0.4 9.59 81.29 90.88 OK
r-devel-linux-x86_64-debian-gcc 1.0.4 7.22 62.04 69.26 OK
r-devel-linux-x86_64-fedora-clang 1.0.4 105.15 OK
r-devel-linux-x86_64-fedora-gcc 1.0.4 113.11 OK
r-devel-windows-ix86+x86_64 1.0.4 27.00 129.00 156.00 OK
r-devel-windows-ix86+x86_64-gcc8 1.0.4 20.00 125.00 145.00 OK
r-patched-linux-x86_64 1.0.4 8.14 71.22 79.36 OK
r-patched-solaris-x86 1.0.4 131.80 OK
r-release-linux-x86_64 1.0.4 8.36 69.73 78.09 OK
r-release-windows-ix86+x86_64 1.0.4 23.00 104.00 127.00 OK
r-release-osx-x86_64 1.0.4 NOTE
r-oldrel-windows-ix86+x86_64 1.0.4 17.00 111.00 128.00 OK
r-oldrel-osx-x86_64 1.0.4 NOTE

Check Details

Version: 1.0.4
Check: package dependencies
Result: NOTE
    Package suggested but not available for checking: ‘Rmpi’
Flavors: r-release-osx-x86_64, r-oldrel-osx-x86_64