Last updated on 2024-03-28 23:01:43 CET.
Flavor | Version | Tinstall | Tcheck | Ttotal | Status | Flags |
---|---|---|---|---|---|---|
r-devel-linux-x86_64-debian-clang | 2.8.1 | 68.87 | 562.31 | 631.18 | NOTE | |
r-devel-linux-x86_64-debian-gcc | 2.8.1 | 59.81 | 394.97 | 454.78 | NOTE | |
r-devel-linux-x86_64-fedora-clang | 2.8.1 | 757.30 | NOTE | |||
r-devel-linux-x86_64-fedora-gcc | 2.8.1 | 772.95 | NOTE | |||
r-devel-windows-x86_64 | 2.8.1 | 62.00 | 486.00 | 548.00 | NOTE | |
r-patched-linux-x86_64 | 2.8.1 | 95.99 | 538.74 | 634.73 | NOTE | |
r-release-linux-x86_64 | 2.8.1 | 68.11 | 552.78 | 620.89 | OK | |
r-release-macos-arm64 | 2.8.1 | 161.00 | NOTE | |||
r-release-macos-x86_64 | 2.8.1 | 380.00 | NOTE | |||
r-release-windows-x86_64 | 2.8.1 | 86.00 | 636.00 | 722.00 | NOTE | |
r-oldrel-macos-arm64 | 2.8.1 | 159.00 | NOTE | |||
r-oldrel-windows-x86_64 | 2.8.1 | 90.00 | 549.00 | 639.00 | NOTE |
Version: 2.8.1
Check: Rd files
Result: NOTE
checkRd: (-1) Olympic.NH4.df.Rd:35: Lost braces in \itemize; meant \describe ?
checkRd: (-1) Olympic.NH4.df.Rd:36: Lost braces in \itemize; meant \describe ?
checkRd: (-1) Olympic.NH4.df.Rd:37: Lost braces in \itemize; meant \describe ?
checkRd: (-1) Olympic.NH4.df.Rd:38: Lost braces in \itemize; meant \describe ?
checkRd: (-1) Olympic.NH4.df.Rd:39: Lost braces in \itemize; meant \describe ?
checkRd: (-1) Olympic.NH4.df.Rd:40: Lost braces in \itemize; meant \describe ?
checkRd: (-1) Olympic.NH4.df.Rd:41: Lost braces in \itemize; meant \describe ?
checkRd: (-1) Olympic.NH4.df.Rd:42: Lost braces in \itemize; meant \describe ?
checkRd: (-1) eqpois.Rd:200: Lost braces
200 | \code{\link{epois}}, \link[stats]{Poisson}, code{\link{estimate.object}}.
| ^
checkRd: (-1) plotPredIntLnormAltSimultaneousTestPowerCurve.Rd:77: Lost braces
77 | positive integer between \code{1} and code{r} specifying the number of future
| ^
Flavors: r-devel-linux-x86_64-debian-clang, r-devel-linux-x86_64-debian-gcc, r-devel-linux-x86_64-fedora-clang, r-devel-linux-x86_64-fedora-gcc, r-devel-windows-x86_64, r-patched-linux-x86_64
Version: 2.8.1
Check: installed package size
Result: NOTE
installed size is 6.6Mb
sub-directories of 1Mb or more:
R 2.3Mb
help 3.6Mb
Flavors: r-devel-linux-x86_64-fedora-clang, r-devel-windows-x86_64, r-release-macos-arm64, r-release-macos-x86_64, r-release-windows-x86_64, r-oldrel-macos-arm64, r-oldrel-windows-x86_64