Last updated on 2024-04-17 22:59:51 CEST.
Flavor | Version | Tinstall | Tcheck | Ttotal | Status | Flags |
---|---|---|---|---|---|---|
r-devel-linux-x86_64-debian-clang | 1.4.0 | 882.36 | 285.41 | 1167.77 | NOTE | |
r-devel-linux-x86_64-debian-gcc | 1.4.0 | 821.11 | 263.97 | 1085.08 | NOTE | |
r-devel-linux-x86_64-fedora-clang | 1.4.0 | 1466.98 | NOTE | |||
r-devel-linux-x86_64-fedora-gcc | 1.4.0 | 1995.36 | NOTE | |||
r-prerel-macos-arm64 | 1.4.0 | 372.00 | NOTE | |||
r-prerel-windows-x86_64 | 1.4.0 | 659.00 | 316.00 | 975.00 | NOTE | |
r-patched-linux-x86_64 | 1.4.0 | 735.31 | 335.63 | 1070.94 | NOTE | |
r-release-linux-x86_64 | 1.4.0 | 832.19 | 346.79 | 1178.98 | NOTE | |
r-release-macos-arm64 | 1.4.0 | 489.00 | NOTE | |||
r-release-macos-x86_64 | 1.4.0 | 853.00 | NOTE | |||
r-release-windows-x86_64 | 1.4.0 | 895.00 | 383.00 | 1278.00 | NOTE | |
r-oldrel-macos-arm64 | 1.4.0 | 402.00 | NOTE | |||
r-oldrel-windows-x86_64 | 1.4.0 | 841.00 | 347.00 | 1188.00 | NOTE |
Version: 1.4.0
Check: for GNU extensions in Makefiles
Result: NOTE
GNU make is a SystemRequirements.
Flavors: r-devel-linux-x86_64-debian-clang, r-devel-linux-x86_64-debian-gcc, r-devel-linux-x86_64-fedora-clang, r-devel-linux-x86_64-fedora-gcc, r-prerel-macos-arm64, r-prerel-windows-x86_64, r-patched-linux-x86_64, r-release-linux-x86_64, r-release-macos-arm64, r-release-macos-x86_64, r-release-windows-x86_64, r-oldrel-macos-arm64, r-oldrel-windows-x86_64
Version: 1.4.0
Check: installed package size
Result: NOTE
installed size is 11.6Mb
sub-directories of 1Mb or more:
help 2.1Mb
libs 8.4Mb
Flavors: r-devel-linux-x86_64-fedora-clang, r-prerel-macos-arm64, r-prerel-windows-x86_64, r-release-macos-arm64, r-release-macos-x86_64, r-release-windows-x86_64, r-oldrel-macos-arm64, r-oldrel-windows-x86_64