Last updated on 2024-04-18 22:52:39 CEST.
Flavor | Version | Tinstall | Tcheck | Ttotal | Status | Flags |
---|---|---|---|---|---|---|
r-devel-linux-x86_64-debian-clang | 0.3.1 | 14.02 | 114.53 | 128.55 | NOTE | |
r-devel-linux-x86_64-debian-gcc | 0.3.1 | 12.07 | 85.85 | 97.92 | NOTE | |
r-devel-linux-x86_64-fedora-clang | 0.3.1 | 165.66 | NOTE | |||
r-devel-linux-x86_64-fedora-gcc | 0.3.1 | 155.69 | NOTE | |||
r-prerel-macos-arm64 | 0.3.1 | 49.00 | NOTE | |||
r-prerel-windows-x86_64 | 0.3.1 | 13.00 | 93.00 | 106.00 | NOTE | |
r-patched-linux-x86_64 | 0.3.1 | 9.53 | 108.23 | 117.76 | NOTE | |
r-release-linux-x86_64 | 0.3.1 | 9.87 | 113.62 | 123.49 | NOTE | |
r-release-macos-arm64 | 0.3.1 | 45.00 | NOTE | |||
r-release-macos-x86_64 | 0.3.1 | 83.00 | NOTE | |||
r-release-windows-x86_64 | 0.3.1 | 17.00 | 117.00 | 134.00 | NOTE | |
r-oldrel-macos-arm64 | 0.3.1 | 46.00 | NOTE | |||
r-oldrel-windows-x86_64 | 0.3.1 | 19.00 | 120.00 | 139.00 | NOTE |
Version: 0.3.1
Check: LazyData
Result: NOTE
'LazyData' is specified without a 'data' directory
Flavors: r-devel-linux-x86_64-debian-clang, r-devel-linux-x86_64-debian-gcc, r-devel-linux-x86_64-fedora-clang, r-devel-linux-x86_64-fedora-gcc, r-prerel-macos-arm64, r-prerel-windows-x86_64, r-patched-linux-x86_64, r-release-linux-x86_64, r-release-macos-arm64, r-release-macos-x86_64, r-release-windows-x86_64, r-oldrel-macos-arm64, r-oldrel-windows-x86_64