Last updated on 2024-04-19 22:55:44 CEST.
Flavor | Version | Tinstall | Tcheck | Ttotal | Status | Flags |
---|---|---|---|---|---|---|
r-devel-linux-x86_64-debian-clang | 0.1.0 | 2.78 | 41.93 | 44.71 | NOTE | |
r-devel-linux-x86_64-debian-gcc | 0.1.0 | NOTE | ||||
r-devel-linux-x86_64-fedora-clang | 0.1.0 | 55.72 | NOTE | |||
r-devel-linux-x86_64-fedora-gcc | 0.1.0 | 54.09 | NOTE | |||
r-prerel-macos-arm64 | 0.1.0 | 19.00 | NOTE | |||
r-prerel-windows-x86_64 | 0.1.0 | 3.00 | 58.00 | 61.00 | NOTE | |
r-patched-linux-x86_64 | 0.1.0 | 2.97 | 38.94 | 41.91 | NOTE | |
r-release-linux-x86_64 | 0.1.0 | 2.32 | 39.30 | 41.62 | OK | |
r-release-macos-arm64 | 0.1.0 | 21.00 | OK | |||
r-release-macos-x86_64 | 0.1.0 | 33.00 | OK | |||
r-release-windows-x86_64 | 0.1.0 | 3.00 | 63.00 | 66.00 | OK | |
r-oldrel-macos-arm64 | 0.1.0 | 21.00 | OK | |||
r-oldrel-windows-x86_64 | 0.1.0 | 4.00 | 64.00 | 68.00 | OK |
Version: 0.1.0
Check: Rd files
Result: NOTE
checkRd: (-1) FuzzyCluster.Rd:15: Lost braces; missing escapes or markup?
15 | A list of cluster labels and a R object of class "fcm {ppclust}"
| ^
checkRd: (-1) pamCluster.Rd:15: Lost braces; missing escapes or markup?
15 | A list of cluster labels and a R object of class "pam {cluster}"
| ^
Flavors: r-devel-linux-x86_64-debian-clang, r-devel-linux-x86_64-debian-gcc, r-devel-linux-x86_64-fedora-clang, r-devel-linux-x86_64-fedora-gcc, r-prerel-macos-arm64, r-prerel-windows-x86_64, r-patched-linux-x86_64