Last updated on 2023-12-01 21:54:04 CET.
Flavor | Version | Tinstall | Tcheck | Ttotal | Status | Flags |
---|---|---|---|---|---|---|
r-devel-linux-x86_64-debian-clang | 1.0.1 | 56.18 | 28.53 | 84.71 | NOTE | |
r-devel-linux-x86_64-debian-gcc | 1.0.1 | 41.17 | 22.55 | 63.72 | NOTE | |
r-devel-linux-x86_64-fedora-clang | 1.0.1 | 138.78 | NOTE | |||
r-devel-linux-x86_64-fedora-gcc | 1.0.1 | 130.34 | NOTE | |||
r-devel-windows-x86_64 | 1.0.1 | 46.00 | 66.00 | 112.00 | NOTE | |
r-patched-linux-x86_64 | 1.0.1 | 51.81 | 28.26 | 80.07 | NOTE | |
r-release-linux-x86_64 | 1.0.1 | 49.23 | 28.98 | 78.21 | NOTE | |
r-release-macos-arm64 | 1.0.1 | 34.00 | NOTE | |||
r-release-macos-x86_64 | 1.0.1 | 56.00 | NOTE | |||
r-release-windows-x86_64 | 1.0.1 | 63.00 | 69.00 | 132.00 | NOTE | |
r-oldrel-macos-arm64 | 1.0.1 | 32.00 | OK | |||
r-oldrel-macos-x86_64 | 1.0.1 | 43.00 | OK | |||
r-oldrel-windows-x86_64 | 1.0.1 | 59.00 | 72.00 | 131.00 | OK |
Version: 1.0.1
Check: C++ specification
Result: NOTE
Specified C++11: please drop specification unless essential
Flavors: r-devel-linux-x86_64-debian-clang, r-devel-linux-x86_64-debian-gcc, r-devel-linux-x86_64-fedora-clang, r-devel-linux-x86_64-fedora-gcc, r-devel-windows-x86_64, r-patched-linux-x86_64, r-release-linux-x86_64, r-release-macos-arm64, r-release-macos-x86_64, r-release-windows-x86_64