Last updated on 2023-09-23 23:00:45 CEST.
Flavor | Version | Tinstall | Tcheck | Ttotal | Status | Flags |
---|---|---|---|---|---|---|
r-devel-linux-x86_64-debian-clang | 0.1.4 | 3.19 | 33.99 | 37.18 | NOTE | |
r-devel-linux-x86_64-debian-gcc | 0.1.4 | 2.43 | 29.04 | 31.47 | NOTE | |
r-devel-linux-x86_64-fedora-clang | 0.1.4 | 49.70 | NOTE | |||
r-devel-linux-x86_64-fedora-gcc | 0.1.4 | 45.82 | NOTE | |||
r-devel-windows-x86_64 | 0.1.4 | 6.00 | 53.00 | 59.00 | NOTE | |
r-patched-linux-x86_64 | 0.1.4 | 3.94 | 32.52 | 36.46 | NOTE | |
r-release-linux-x86_64 | 0.1.4 | 2.77 | 32.53 | 35.30 | NOTE | |
r-release-macos-arm64 | 0.1.4 | 22.00 | NOTE | |||
r-release-macos-x86_64 | 0.1.4 | 25.00 | NOTE | |||
r-release-windows-x86_64 | 0.1.4 | 5.00 | 55.00 | 60.00 | NOTE | |
r-oldrel-macos-arm64 | 0.1.4 | 18.00 | OK | |||
r-oldrel-macos-x86_64 | 0.1.4 | 23.00 | OK | |||
r-oldrel-windows-x86_64 | 0.1.4 | 5.00 | 54.00 | 59.00 | NOTE |
Version: 0.1.4
Check: package dependencies
Result: NOTE
Package suggested but not available for checking: ‘cec2013’
Flavors: r-devel-linux-x86_64-debian-clang, r-devel-linux-x86_64-debian-gcc, r-devel-linux-x86_64-fedora-clang, r-devel-linux-x86_64-fedora-gcc, r-devel-windows-x86_64, r-patched-linux-x86_64, r-release-linux-x86_64, r-release-macos-arm64, r-release-macos-x86_64, r-release-windows-x86_64, r-oldrel-windows-x86_64