Last updated on 2024-03-28 23:01:44 CET.
Flavor | Version | Tinstall | Tcheck | Ttotal | Status | Flags |
---|---|---|---|---|---|---|
r-devel-linux-x86_64-debian-clang | 1.3.0 | 9.32 | 65.88 | 75.20 | NOTE | |
r-devel-linux-x86_64-debian-gcc | 1.3.0 | 7.64 | 49.04 | 56.68 | NOTE | |
r-devel-linux-x86_64-fedora-clang | 1.3.0 | 91.88 | NOTE | |||
r-devel-linux-x86_64-fedora-gcc | 1.3.0 | 89.53 | NOTE | |||
r-devel-windows-x86_64 | 1.3.0 | 10.00 | 71.00 | 81.00 | NOTE | |
r-patched-linux-x86_64 | 1.3.0 | 14.75 | 62.33 | 77.08 | NOTE | |
r-release-linux-x86_64 | 1.3.0 | 10.66 | 62.12 | 72.78 | OK | |
r-release-macos-arm64 | 1.3.0 | 35.00 | OK | |||
r-release-macos-x86_64 | 1.3.0 | 57.00 | NOTE | |||
r-release-windows-x86_64 | 1.3.0 | 12.00 | 83.00 | 95.00 | OK | |
r-oldrel-macos-arm64 | 1.3.0 | 41.00 | NOTE | |||
r-oldrel-windows-x86_64 | 1.3.0 | 13.00 | 84.00 | 97.00 | OK |
Version: 1.3.0
Check: Rd files
Result: NOTE
checkRd: (-1) fcs.Rd:36: Lost braces; missing escapes or markup?
36 | The argument nPoints must be smaller than the total number of temporal observations N, it is recommended to set nPoints = 2^n, with n = {2, ..., infinity}.
| ^
Flavors: r-devel-linux-x86_64-debian-clang, r-devel-linux-x86_64-debian-gcc, r-devel-linux-x86_64-fedora-clang, r-devel-linux-x86_64-fedora-gcc, r-devel-windows-x86_64, r-patched-linux-x86_64
Version: 1.3.0
Check: installed package size
Result: NOTE
installed size is 5.9Mb
sub-directories of 1Mb or more:
data 5.8Mb
Flavors: r-release-macos-x86_64, r-oldrel-macos-arm64