CRAN Package Check Results for Package FFTrees

Last updated on 2019-11-18 22:47:10 CET.

Flavor Version Tinstall Tcheck Ttotal Status Flags
r-devel-linux-x86_64-debian-clang 1.4.0 20.02 255.43 275.45 OK
r-devel-linux-x86_64-debian-gcc 1.4.0 17.86 198.48 216.34 OK
r-devel-linux-x86_64-fedora-clang 1.4.0 353.37 NOTE
r-devel-linux-x86_64-fedora-gcc 1.4.0 317.84 NOTE
r-devel-windows-ix86+x86_64 1.4.0 60.00 337.00 397.00 NOTE
r-patched-linux-x86_64 1.4.0 19.99 240.81 260.80 OK
r-patched-solaris-x86 1.4.0 458.60 NOTE
r-release-linux-x86_64 1.4.0 18.52 239.25 257.77 OK
r-release-windows-ix86+x86_64 1.4.0 36.00 340.00 376.00 NOTE
r-release-osx-x86_64 1.4.0 NOTE
r-oldrel-windows-ix86+x86_64 1.4.0 21.00 191.00 212.00 NOTE
r-oldrel-osx-x86_64 1.4.0 NOTE

Check Details

Version: 1.4.0
Check: installed package size
Result: NOTE
     installed size is 5.9Mb
     sub-directories of 1Mb or more:
     doc 4.6Mb
Flavors: r-devel-linux-x86_64-fedora-clang, r-devel-windows-ix86+x86_64, r-patched-solaris-x86, r-release-windows-ix86+x86_64, r-release-osx-x86_64, r-oldrel-windows-ix86+x86_64, r-oldrel-osx-x86_64

Version: 1.4.0
Check: dependencies in R code
Result: NOTE
    Namespace in Imports field not imported from: ‘pROC’
     All declared Imports should be used.
Flavors: r-devel-linux-x86_64-fedora-clang, r-devel-linux-x86_64-fedora-gcc, r-patched-solaris-x86, r-release-osx-x86_64, r-oldrel-osx-x86_64