Last updated on 2024-03-27 22:57:45 CET.
Flavor | Version | Tinstall | Tcheck | Ttotal | Status | Flags |
---|---|---|---|---|---|---|
r-devel-linux-x86_64-debian-clang | 3.6.2 | 58.87 | 477.02 | 535.89 | OK | |
r-devel-linux-x86_64-debian-gcc | 3.6.2 | 52.60 | 373.97 | 426.57 | OK | |
r-devel-linux-x86_64-fedora-clang | 3.6.2 | 754.22 | NOTE | |||
r-devel-linux-x86_64-fedora-gcc | 3.6.2 | 668.58 | OK | |||
r-devel-windows-x86_64 | 3.6.2 | 52.00 | 305.00 | 357.00 | NOTE | |
r-patched-linux-x86_64 | 3.6.2 | 56.25 | 490.83 | 547.08 | OK | |
r-release-linux-x86_64 | 3.6.2 | 59.77 | 499.43 | 559.20 | OK | |
r-release-macos-arm64 | 3.6.2 | 163.00 | NOTE | |||
r-release-macos-x86_64 | 3.6.2 | 308.00 | NOTE | |||
r-release-windows-x86_64 | 3.6.2 | 72.00 | 413.00 | 485.00 | NOTE | |
r-oldrel-macos-arm64 | 3.6.2 | 130.00 | NOTE | |||
r-oldrel-windows-x86_64 | 3.6.2 | 73.00 | 384.00 | 457.00 | NOTE |
Version: 3.6.2
Check: installed package size
Result: NOTE
installed size is 10.4Mb
sub-directories of 1Mb or more:
R 4.6Mb
doc 2.1Mb
extdata 2.1Mb
Flavors: r-devel-linux-x86_64-fedora-clang, r-devel-windows-x86_64, r-release-macos-arm64, r-release-macos-x86_64, r-release-windows-x86_64, r-oldrel-macos-arm64, r-oldrel-windows-x86_64