Last updated on 2023-02-04 22:54:48 CET.
Flavor | Version | Tinstall | Tcheck | Ttotal | Status | Flags |
---|---|---|---|---|---|---|
r-devel-linux-x86_64-debian-clang | 1.1.4 | 60.24 | 121.71 | 181.95 | OK | |
r-devel-linux-x86_64-debian-gcc | 1.1.4 | 46.64 | 86.95 | 133.59 | OK | |
r-devel-linux-x86_64-fedora-clang | 1.1.4 | 253.87 | OK | |||
r-devel-linux-x86_64-fedora-gcc | 1.1.4 | 223.25 | OK | |||
r-devel-windows-x86_64 | 1.1.4 | 155.00 | 161.00 | 316.00 | OK | |
r-patched-linux-x86_64 | 1.1.4 | 51.14 | 116.04 | 167.18 | OK | |
r-release-linux-x86_64 | 1.1.4 | 47.54 | 117.71 | 165.25 | OK | |
r-release-macos-arm64 | 1.1.4 | 58.00 | NOTE | |||
r-release-macos-x86_64 | 1.1.4 | 75.00 | NOTE | |||
r-release-windows-x86_64 | 1.1.4 | 137.00 | 169.00 | 306.00 | OK | |
r-oldrel-macos-arm64 | 1.1.4 | 55.00 | NOTE | |||
r-oldrel-macos-x86_64 | 1.1.4 | 77.00 | NOTE | |||
r-oldrel-windows-ix86+x86_64 | 1.1.4 | 126.00 | 186.00 | 312.00 | NOTE |
Version: 1.1.4
Check: installed package size
Result: NOTE
installed size is 7.0Mb
sub-directories of 1Mb or more:
data 3.1Mb
libs 3.2Mb
Flavors: r-release-macos-arm64, r-release-macos-x86_64, r-oldrel-macos-arm64, r-oldrel-macos-x86_64, r-oldrel-windows-ix86+x86_64