CRAN Package Check Results for Package FIT

Last updated on 2019-09-21 22:48:57 CEST.

Flavor Version Tinstall Tcheck Ttotal Status Flags
r-devel-linux-x86_64-debian-clang 0.0.6 35.21 90.02 125.23 OK
r-devel-linux-x86_64-debian-gcc 0.0.6 31.49 65.89 97.38 OK
r-devel-linux-x86_64-fedora-clang 0.0.6 167.25 NOTE
r-devel-linux-x86_64-fedora-gcc 0.0.6 170.58 NOTE
r-devel-windows-ix86+x86_64 0.0.6 88.00 114.00 202.00 OK
r-patched-linux-x86_64 0.0.6 35.37 91.41 126.78 OK
r-patched-solaris-x86 0.0.6 191.90 NOTE
r-release-linux-x86_64 0.0.6 33.49 92.38 125.87 OK
r-release-windows-ix86+x86_64 0.0.6 61.00 117.00 178.00 OK
r-release-osx-x86_64 0.0.6 NOTE
r-oldrel-windows-ix86+x86_64 0.0.6 53.00 116.00 169.00 OK
r-oldrel-osx-x86_64 0.0.6 NOTE

Check Details

Version: 0.0.6
Check: installed package size
Result: NOTE
     installed size is 8.9Mb
     sub-directories of 1Mb or more:
     libs 8.1Mb
Flavors: r-devel-linux-x86_64-fedora-clang, r-release-osx-x86_64, r-oldrel-osx-x86_64

Version: 0.0.6
Check: dependencies in R code
Result: NOTE
    Namespaces in Imports field not imported from:
     ‘MASS’ ‘XML’ ‘gglasso’ ‘methods’
     All declared Imports should be used.
Flavors: r-devel-linux-x86_64-fedora-clang, r-devel-linux-x86_64-fedora-gcc, r-patched-solaris-x86, r-release-osx-x86_64, r-oldrel-osx-x86_64