CRAN Package Check Results for Package FIT

Last updated on 2019-06-17 22:51:55 CEST.

Flavor Version Tinstall Tcheck Ttotal Status Flags
r-devel-linux-x86_64-debian-clang 0.0.6 34.40 97.89 132.29 OK
r-devel-linux-x86_64-debian-gcc 0.0.6 33.74 67.19 100.93 OK
r-devel-linux-x86_64-fedora-clang 0.0.6 174.43 NOTE
r-devel-linux-x86_64-fedora-gcc 0.0.6 164.95 NOTE
r-devel-windows-ix86+x86_64 0.0.6 92.00 163.00 255.00 OK
r-patched-linux-x86_64 0.0.6 38.90 95.69 134.59 OK
r-patched-solaris-x86 0.0.6 208.00 NOTE
r-release-linux-x86_64 0.0.6 37.48 97.40 134.88 OK
r-release-windows-ix86+x86_64 0.0.6 73.00 135.00 208.00 OK
r-release-osx-x86_64 0.0.6 NOTE
r-oldrel-windows-ix86+x86_64 0.0.6 67.00 132.00 199.00 OK
r-oldrel-osx-x86_64 0.0.6 NOTE

Check Details

Version: 0.0.6
Check: installed package size
Result: NOTE
     installed size is 8.8Mb
     sub-directories of 1Mb or more:
     libs 7.9Mb
Flavors: r-devel-linux-x86_64-fedora-clang, r-release-osx-x86_64, r-oldrel-osx-x86_64

Version: 0.0.6
Check: dependencies in R code
Result: NOTE
    Namespaces in Imports field not imported from:
     ‘MASS’ ‘XML’ ‘gglasso’ ‘methods’
     All declared Imports should be used.
Flavors: r-devel-linux-x86_64-fedora-clang, r-devel-linux-x86_64-fedora-gcc, r-patched-solaris-x86, r-release-osx-x86_64, r-oldrel-osx-x86_64