CRAN Package Check Results for Package FLORAL

Last updated on 2024-03-02 22:41:54 CET.

Flavor Version Tinstall Tcheck Ttotal Status Flags
r-devel-linux-x86_64-debian-clang 0.2.0 82.41 413.17 495.58 OK
r-devel-linux-x86_64-debian-gcc 0.2.0 61.33 381.66 442.99 OK
r-devel-linux-x86_64-fedora-clang 0.2.0 811.74 OK
r-devel-linux-x86_64-fedora-gcc 0.2.0 699.97 OK
r-devel-windows-x86_64 0.2.0 52.00 405.00 457.00 OK
r-patched-linux-x86_64 0.2.0 49.66 495.06 544.72 OK
r-release-linux-x86_64 0.2.0 50.26 480.01 530.27 OK
r-release-macos-arm64 0.2.0 186.00 NOTE
r-release-macos-x86_64 0.2.0 546.00 NOTE
r-release-windows-x86_64 0.2.0 71.00 442.00 513.00 OK
r-oldrel-macos-arm64 0.2.0 212.00 NOTE
r-oldrel-windows-x86_64 0.2.0 67.00 427.00 494.00 OK

Check Details

Version: 0.2.0
Check: installed package size
Result: NOTE installed size is 5.3Mb sub-directories of 1Mb or more: libs 4.2Mb Flavors: r-release-macos-arm64, r-release-macos-x86_64, r-oldrel-macos-arm64