Last updated on 2023-12-03 22:57:07 CET.
Flavor | Version | Tinstall | Tcheck | Ttotal | Status | Flags |
---|---|---|---|---|---|---|
r-devel-linux-x86_64-debian-clang | 9.1.1 | 359.97 | 59.57 | 419.54 | NOTE | |
r-devel-linux-x86_64-debian-gcc | 9.1.1 | 301.81 | 47.74 | 349.55 | NOTE | |
r-devel-linux-x86_64-fedora-clang | 9.1.1 | 626.24 | NOTE | |||
r-devel-linux-x86_64-fedora-gcc | 9.1.1 | 713.37 | NOTE | |||
r-devel-windows-x86_64 | 9.1.1 | 285.00 | 98.00 | 383.00 | NOTE | |
r-patched-linux-x86_64 | 9.1.1 | 360.51 | 58.51 | 419.02 | NOTE | |
r-release-linux-x86_64 | 9.1.1 | 360.46 | 58.78 | 419.24 | NOTE | |
r-release-macos-arm64 | 9.1.1 | 162.00 | NOTE | |||
r-release-macos-x86_64 | 9.1.1 | 318.00 | NOTE | |||
r-release-windows-x86_64 | 9.1.1 | 256.00 | 108.00 | 364.00 | NOTE | |
r-oldrel-macos-arm64 | 9.1.1 | 152.00 | NOTE | |||
r-oldrel-macos-x86_64 | 9.1.1 | 107.00 | ERROR | |||
r-oldrel-windows-x86_64 | 9.1.1 | 341.00 | 99.00 | 440.00 | NOTE |
Version: 9.1.1
Check: C++ specification
Result: NOTE
Specified C++11: please drop specification unless essential
Flavors: r-devel-linux-x86_64-debian-clang, r-devel-linux-x86_64-debian-gcc, r-devel-linux-x86_64-fedora-clang, r-devel-linux-x86_64-fedora-gcc, r-devel-windows-x86_64, r-patched-linux-x86_64, r-release-linux-x86_64, r-release-macos-arm64, r-release-macos-x86_64, r-release-windows-x86_64
Version: 9.1.1
Check: for GNU extensions in Makefiles
Result: NOTE
GNU make is a SystemRequirements.
Flavors: r-devel-linux-x86_64-debian-clang, r-devel-linux-x86_64-debian-gcc, r-devel-linux-x86_64-fedora-clang, r-devel-linux-x86_64-fedora-gcc, r-devel-windows-x86_64, r-patched-linux-x86_64, r-release-linux-x86_64, r-release-macos-arm64, r-release-macos-x86_64, r-release-windows-x86_64, r-oldrel-macos-arm64, r-oldrel-windows-x86_64
Version: 9.1.1
Check: installed package size
Result: NOTE
installed size is 26.8Mb
sub-directories of 1Mb or more:
libs 26.5Mb
Flavors: r-release-macos-arm64, r-release-macos-x86_64, r-oldrel-macos-arm64
Version: 9.1.1
Check: whether package can be installed
Result: ERROR
Installation failed.
Flavor: r-oldrel-macos-x86_64