CRAN Package Check Results for Package FMCCSD

Last updated on 2023-09-23 23:00:46 CEST.

Flavor Version Tinstall Tcheck Ttotal Status Flags
r-devel-linux-x86_64-debian-clang 1.0 37.63 33.20 70.83 NOTE
r-devel-linux-x86_64-debian-gcc 1.0 26.09 28.13 54.22 NOTE
r-devel-linux-x86_64-fedora-clang 1.0 99.86 NOTE
r-devel-linux-x86_64-fedora-gcc 1.0 101.54 NOTE
r-devel-windows-x86_64 1.0 30.00 67.00 97.00 NOTE
r-patched-linux-x86_64 1.0 34.51 32.45 66.96 NOTE
r-release-linux-x86_64 1.0 36.10 32.62 68.72 NOTE
r-release-macos-arm64 1.0 30.00 NOTE
r-release-macos-x86_64 1.0 46.00 NOTE
r-release-windows-x86_64 1.0 41.00 75.00 116.00 NOTE
r-oldrel-macos-arm64 1.0 35.00 OK
r-oldrel-macos-x86_64 1.0 37.00 OK
r-oldrel-windows-x86_64 1.0 37.00 74.00 111.00 OK

Check Details

Version: 1.0
Check: C++ specification
Result: NOTE
     Specified C++11: please drop specification unless essential
Flavors: r-devel-linux-x86_64-debian-clang, r-devel-linux-x86_64-debian-gcc, r-devel-linux-x86_64-fedora-clang, r-devel-linux-x86_64-fedora-gcc, r-devel-windows-x86_64, r-patched-linux-x86_64, r-release-linux-x86_64, r-release-macos-arm64, r-release-macos-x86_64, r-release-windows-x86_64