CRAN Package Check Results for Package FMCCSD

Last updated on 2024-06-13 22:49:27 CEST.

Flavor Version Tinstall Tcheck Ttotal Status Flags
r-devel-linux-x86_64-debian-clang 1.0 37.87 34.43 72.30 NOTE
r-devel-linux-x86_64-debian-gcc 1.0 27.97 25.35 53.32 NOTE
r-devel-linux-x86_64-fedora-clang 1.0 97.96 NOTE
r-devel-linux-x86_64-fedora-gcc 1.0 100.91 NOTE
r-devel-windows-x86_64 1.0 31.00 68.00 99.00 NOTE
r-patched-linux-x86_64 1.0 35.77 32.11 67.88 NOTE
r-release-linux-x86_64 1.0 32.74 32.01 64.75 NOTE
r-release-macos-arm64 1.0 27.00 NOTE
r-release-macos-x86_64 1.0 47.00 NOTE
r-release-windows-x86_64 1.0 30.00 72.00 102.00 NOTE
r-oldrel-macos-arm64 1.0 30.00 NOTE
r-oldrel-macos-x86_64 1.0 46.00 NOTE
r-oldrel-windows-x86_64 1.0 38.00 79.00 117.00 NOTE

Check Details

Version: 1.0
Check: C++ specification
Result: NOTE Specified C++11: please drop specification unless essential Flavors: r-devel-linux-x86_64-debian-clang, r-devel-linux-x86_64-debian-gcc, r-devel-linux-x86_64-fedora-clang, r-devel-linux-x86_64-fedora-gcc, r-devel-windows-x86_64, r-patched-linux-x86_64, r-release-linux-x86_64, r-release-macos-arm64, r-release-macos-x86_64, r-release-windows-x86_64, r-oldrel-macos-arm64, r-oldrel-macos-x86_64, r-oldrel-windows-x86_64