CRAN Package Check Results for Package FME

Last updated on 2018-06-20 22:49:15 CEST.

Flavor Version Tinstall Tcheck Ttotal Status Flags
r-devel-linux-x86_64-debian-clang 1.3.5 4.72 197.67 202.39 NOTE
r-devel-linux-x86_64-debian-gcc 1.3.5 3.68 145.95 149.63 NOTE
r-devel-linux-x86_64-fedora-clang 1.3.5 238.96 NOTE
r-devel-linux-x86_64-fedora-gcc 1.3.5 232.43 NOTE
r-devel-windows-ix86+x86_64 1.3.5 16.00 261.00 277.00 OK
r-patched-linux-x86_64 1.3.5 5.47 204.14 209.61 NOTE
r-patched-solaris-x86 1.3.5 283.30 OK
r-release-linux-x86_64 1.3.5 5.20 200.80 206.00 NOTE
r-release-windows-ix86+x86_64 1.3.5 11.00 345.00 356.00 OK
r-release-osx-x86_64 1.3.5 OK
r-oldrel-windows-ix86+x86_64 1.3.5 12.00 264.00 276.00 OK
r-oldrel-osx-x86_64 1.3.5 OK

Check Details

Version: 1.3.5
Check: compiled code
Result: NOTE
    File ‘FME/libs/FME.so’:
     Found no calls to: ‘R_registerRoutines’, ‘R_useDynamicSymbols’
    
    It is good practice to register native routines and to disable symbol
    search.
    
    See ‘Writing portable packages’ in the ‘Writing R Extensions’ manual.
Flavors: r-devel-linux-x86_64-debian-clang, r-devel-linux-x86_64-debian-gcc, r-devel-linux-x86_64-fedora-clang, r-devel-linux-x86_64-fedora-gcc, r-patched-linux-x86_64, r-release-linux-x86_64