CRAN Package Check Results for Package FME

Last updated on 2018-09-23 22:46:56 CEST.

Flavor Version Tinstall Tcheck Ttotal Status Flags
r-devel-linux-x86_64-debian-clang 1.3.5 4.89 195.00 199.89 OK
r-devel-linux-x86_64-debian-gcc 1.3.5 4.64 149.99 154.63 OK
r-devel-linux-x86_64-fedora-clang 1.3.5 239.09 NOTE
r-devel-linux-x86_64-fedora-gcc 1.3.5 238.30 NOTE
r-devel-windows-ix86+x86_64 1.3.5 17.00 260.00 277.00 OK
r-patched-linux-x86_64 1.3.5 5.24 199.75 204.99 OK
r-patched-solaris-x86 1.3.5 288.80 OK
r-release-linux-x86_64 1.3.5 5.00 200.36 205.36 OK
r-release-windows-ix86+x86_64 1.3.5 9.00 336.00 345.00 OK
r-release-osx-x86_64 1.3.5 OK
r-oldrel-windows-ix86+x86_64 1.3.5 8.00 353.00 361.00 OK
r-oldrel-osx-x86_64 1.3.5 OK

Check Details

Version: 1.3.5
Check: compiled code
Result: NOTE
    File ‘FME/libs/FME.so’:
     Found no calls to: ‘R_registerRoutines’, ‘R_useDynamicSymbols’
    
    It is good practice to register native routines and to disable symbol
    search.
    
    See ‘Writing portable packages’ in the ‘Writing R Extensions’ manual.
Flavors: r-devel-linux-x86_64-fedora-clang, r-devel-linux-x86_64-fedora-gcc