CRAN Package Check Results for Package FME

Last updated on 2018-02-23 22:47:55 CET.

Flavor Version Tinstall Tcheck Ttotal Status Flags
r-devel-linux-x86_64-debian-clang 1.3.5 6.20 208.89 215.09 NOTE
r-devel-linux-x86_64-debian-gcc 1.3.5 4.02 152.49 156.51 NOTE
r-devel-linux-x86_64-fedora-clang 1.3.5 249.21 NOTE
r-devel-linux-x86_64-fedora-gcc 1.3.5 255.24 NOTE
r-devel-windows-ix86+x86_64 1.3.5 15.00 330.00 345.00 OK
r-patched-linux-x86_64 1.3.5 2.95 222.15 225.10 NOTE
r-patched-solaris-x86 1.3.5 263.20 OK
r-release-linux-x86_64 1.3.5 2.67 215.00 217.67 NOTE
r-release-windows-ix86+x86_64 1.3.5 8.00 346.00 354.00 OK
r-release-osx-x86_64 1.3.5 OK
r-oldrel-windows-ix86+x86_64 1.3.5 10.00 330.00 340.00 OK
r-oldrel-osx-x86_64 1.3.5 OK

Check Details

Version: 1.3.5
Check: compiled code
Result: NOTE
    File ‘FME/libs/FME.so’:
     Found no calls to: ‘R_registerRoutines’, ‘R_useDynamicSymbols’
    
    It is good practice to register native routines and to disable symbol
    search.
    
    See ‘Writing portable packages’ in the ‘Writing R Extensions’ manual.
Flavors: r-devel-linux-x86_64-debian-clang, r-devel-linux-x86_64-debian-gcc, r-devel-linux-x86_64-fedora-clang, r-devel-linux-x86_64-fedora-gcc, r-patched-linux-x86_64, r-release-linux-x86_64