CRAN Package Check Results for Package FME

Last updated on 2017-11-21 22:47:56 CET.

Flavor Version Tinstall Tcheck Ttotal Status Flags
r-devel-linux-x86_64-debian-clang 1.3.5 1.75 123.04 124.79 NOTE
r-devel-linux-x86_64-debian-gcc 1.3.5 2.23 280.81 283.04 NOTE
r-devel-linux-x86_64-fedora-clang 1.3.5 244.50 NOTE
r-devel-linux-x86_64-fedora-gcc 1.3.5 285.50 NOTE
r-devel-windows-ix86+x86_64 1.3.5 12.00 273.00 285.00 OK
r-patched-linux-x86_64 1.3.5 1.89 132.24 134.12 NOTE
r-patched-solaris-x86 1.3.5 260.10 OK
r-release-linux-x86_64 1.3.5 1.91 127.83 129.74 NOTE
r-release-windows-ix86+x86_64 1.3.5 7.00 256.00 263.00 OK
r-release-osx-x86_64 1.3.5 OK
r-oldrel-windows-ix86+x86_64 1.3.5 7.00 356.00 363.00 OK
r-oldrel-osx-x86_64 1.3.5 OK

Check Details

Version: 1.3.5
Check: compiled code
Result: NOTE
    File ‘FME/libs/FME.so’:
     Found no calls to: ‘R_registerRoutines’, ‘R_useDynamicSymbols’
    
    It is good practice to register native routines and to disable symbol
    search.
    
    See ‘Writing portable packages’ in the ‘Writing R Extensions’ manual.
Flavors: r-devel-linux-x86_64-debian-clang, r-devel-linux-x86_64-debian-gcc, r-devel-linux-x86_64-fedora-clang, r-devel-linux-x86_64-fedora-gcc, r-patched-linux-x86_64, r-release-linux-x86_64