CRAN Package Check Results for Package FOCI

Last updated on 2024-07-14 22:49:19 CEST.

Flavor Version Tinstall Tcheck Ttotal Status Flags
r-devel-linux-x86_64-debian-clang 0.1.3 3.02 67.04 70.06 NOTE
r-devel-linux-x86_64-debian-gcc 0.1.3 2.20 46.37 48.57 NOTE
r-devel-linux-x86_64-fedora-clang 0.1.3 87.54 NOTE
r-devel-linux-x86_64-fedora-gcc 0.1.3 96.01 NOTE
r-devel-windows-x86_64 0.1.3 4.00 70.00 74.00 NOTE
r-patched-linux-x86_64 0.1.3 2.72 65.14 67.86 NOTE
r-release-linux-x86_64 0.1.3 2.78 65.48 68.26 NOTE
r-release-macos-arm64 0.1.3 33.00 NOTE
r-release-macos-x86_64 0.1.3 53.00 NOTE
r-release-windows-x86_64 0.1.3 4.00 66.00 70.00 NOTE
r-oldrel-macos-arm64 0.1.3 37.00 NOTE
r-oldrel-macos-x86_64 0.1.3 61.00 NOTE
r-oldrel-windows-x86_64 0.1.3 3.00 77.00 80.00 NOTE

Check Details

Version: 0.1.3
Check: LazyData
Result: NOTE 'LazyData' is specified without a 'data' directory Flavors: r-devel-linux-x86_64-debian-clang, r-devel-linux-x86_64-debian-gcc, r-devel-linux-x86_64-fedora-clang, r-devel-linux-x86_64-fedora-gcc, r-devel-windows-x86_64, r-patched-linux-x86_64, r-release-linux-x86_64, r-release-macos-arm64, r-release-macos-x86_64, r-release-windows-x86_64, r-oldrel-macos-arm64, r-oldrel-macos-x86_64, r-oldrel-windows-x86_64

Version: 0.1.3
Check: Rd cross-references
Result: NOTE Undeclared package ‘XICOR’ in Rd xrefs Flavor: r-devel-linux-x86_64-fedora-clang