CRAN Package Check Results for Package FPLdata

Last updated on 2023-12-03 22:57:07 CET.

Flavor Version Tinstall Tcheck Ttotal Status Flags
r-devel-linux-x86_64-debian-clang 0.1.0 1.62 19.46 21.08 OK
r-devel-linux-x86_64-debian-gcc 0.1.0 1.60 15.50 17.10 OK
r-devel-linux-x86_64-fedora-clang 0.1.0 27.18 NOTE
r-devel-linux-x86_64-fedora-gcc 0.1.0 25.83 NOTE
r-devel-windows-x86_64 0.1.0 3.00 37.00 40.00 OK
r-patched-linux-x86_64 0.1.0 1.15 19.70 20.85 OK
r-release-linux-x86_64 0.1.0 1.54 19.34 20.88 OK
r-release-macos-arm64 0.1.0 21.00 OK
r-release-macos-x86_64 0.1.0 19.00 OK
r-release-windows-x86_64 0.1.0 3.00 37.00 40.00 OK
r-oldrel-macos-arm64 0.1.0 14.00 NOTE
r-oldrel-macos-x86_64 0.1.0 26.00 NOTE
r-oldrel-windows-x86_64 0.1.0 3.00 41.00 44.00 OK

Check Details

Version: 0.1.0
Check: dependencies in R code
Result: NOTE Namespace in Imports field not imported from: ‘dplyr’ All declared Imports should be used. Flavors: r-devel-linux-x86_64-fedora-clang, r-devel-linux-x86_64-fedora-gcc, r-oldrel-macos-arm64, r-oldrel-macos-x86_64