Last updated on 2024-03-27 22:57:46 CET.
Flavor | Version | Tinstall | Tcheck | Ttotal | Status | Flags |
---|---|---|---|---|---|---|
r-devel-linux-x86_64-debian-clang | 0.1.0 | 27.82 | 323.92 | 351.74 | OK | |
r-devel-linux-x86_64-debian-gcc | 0.1.0 | 23.57 | 246.88 | 270.45 | OK | |
r-devel-linux-x86_64-fedora-clang | 0.1.0 | 489.84 | NOTE | |||
r-devel-linux-x86_64-fedora-gcc | 0.1.0 | 456.54 | NOTE | |||
r-devel-windows-x86_64 | 0.1.0 | 28.00 | 224.00 | 252.00 | OK | |
r-patched-linux-x86_64 | 0.1.0 | 30.21 | 322.17 | 352.38 | OK | |
r-release-linux-x86_64 | 0.1.0 | 30.04 | 322.16 | 352.20 | OK | |
r-release-macos-arm64 | 0.1.0 | 135.00 | OK | |||
r-release-macos-x86_64 | 0.1.0 | 224.00 | OK | |||
r-release-windows-x86_64 | 0.1.0 | 36.00 | 299.00 | 335.00 | OK | |
r-oldrel-macos-arm64 | 0.1.0 | 117.00 | NOTE | |||
r-oldrel-windows-x86_64 | 0.1.0 | 38.00 | 305.00 | 343.00 | OK |
Version: 0.1.0
Check: dependencies in R code
Result: NOTE
Namespace in Imports field not imported from: ‘MASS’
All declared Imports should be used.
Flavors: r-devel-linux-x86_64-fedora-clang, r-devel-linux-x86_64-fedora-gcc, r-oldrel-macos-arm64