Last updated on 2023-12-03 22:57:07 CET.
Flavor | Version | Tinstall | Tcheck | Ttotal | Status | Flags |
---|---|---|---|---|---|---|
r-devel-linux-x86_64-debian-clang | 1.0 | 63.96 | 39.18 | 103.14 | NOTE | |
r-devel-linux-x86_64-debian-gcc | 1.0 | 43.64 | 32.77 | 76.41 | NOTE | |
r-devel-linux-x86_64-fedora-clang | 1.0 | 137.84 | NOTE | |||
r-devel-linux-x86_64-fedora-gcc | 1.0 | 144.67 | NOTE | |||
r-devel-windows-x86_64 | 1.0 | 46.00 | 75.00 | 121.00 | NOTE | |
r-patched-linux-x86_64 | 1.0 | 52.86 | 42.19 | 95.05 | NOTE | |
r-release-linux-x86_64 | 1.0 | 52.43 | 42.27 | 94.70 | NOTE | |
r-release-macos-arm64 | 1.0 | 46.00 | NOTE | |||
r-release-macos-x86_64 | 1.0 | 67.00 | NOTE | |||
r-release-windows-x86_64 | 1.0 | 60.00 | 86.00 | 146.00 | NOTE | |
r-oldrel-macos-arm64 | 1.0 | 45.00 | NOTE | |||
r-oldrel-macos-x86_64 | 1.0 | 54.00 | NOTE | |||
r-oldrel-windows-x86_64 | 1.0 | 58.00 | 82.00 | 140.00 | OK |
Version: 1.0
Check: C++ specification
Result: NOTE
Specified C++11: please drop specification unless essential
Flavors: r-devel-linux-x86_64-debian-clang, r-devel-linux-x86_64-debian-gcc, r-devel-linux-x86_64-fedora-clang, r-devel-linux-x86_64-fedora-gcc, r-devel-windows-x86_64, r-patched-linux-x86_64, r-release-linux-x86_64, r-release-macos-arm64, r-release-macos-x86_64, r-release-windows-x86_64
Version: 1.0
Check: Rd files
Result: NOTE
checkRd: (-1) maximin.Rd:197: Lost braces
197 | Meinshausen, N and P. B{u}hlmann (2015). Maximin effects in inhomogeneous large-scale data.
| ^
Flavors: r-devel-linux-x86_64-debian-clang, r-devel-linux-x86_64-debian-gcc
Version: 1.0
Check: installed package size
Result: NOTE
installed size is 8.4Mb
sub-directories of 1Mb or more:
libs 8.3Mb
Flavors: r-release-macos-arm64, r-release-macos-x86_64, r-oldrel-macos-arm64, r-oldrel-macos-x86_64