Last updated on 2023-06-08 22:57:01 CEST.
Flavor | Version | Tinstall | Tcheck | Ttotal | Status | Flags |
---|---|---|---|---|---|---|
r-devel-linux-x86_64-debian-clang | 2.0.5 | 20.12 | 352.41 | 372.53 | OK | |
r-devel-linux-x86_64-debian-gcc | 2.0.5 | 18.37 | 251.03 | 269.40 | OK | |
r-devel-linux-x86_64-fedora-clang | 2.0.5 | 454.18 | NOTE | |||
r-devel-linux-x86_64-fedora-gcc | 2.0.5 | 451.04 | NOTE | |||
r-devel-windows-x86_64 | 2.0.5 | 21.00 | 258.00 | 279.00 | OK | |
r-patched-linux-x86_64 | 2.0.5 | 17.98 | 340.66 | 358.64 | OK | |
r-release-linux-x86_64 | 2.0.5 | 14.68 | 324.93 | 339.61 | OK | |
r-release-macos-arm64 | 2.0.5 | 120.00 | OK | |||
r-release-macos-x86_64 | 2.0.5 | 212.00 | OK | |||
r-release-windows-x86_64 | 2.0.5 | 26.00 | 338.00 | 364.00 | OK | |
r-oldrel-macos-arm64 | 2.0.5 | 110.00 | NOTE | |||
r-oldrel-macos-x86_64 | 2.0.5 | 175.00 | NOTE | |||
r-oldrel-windows-x86_64 | 2.0.5 | 28.00 | 327.00 | 355.00 | OK |
Version: 2.0.5
Check: dependencies in R code
Result: NOTE
Namespaces in Imports field not imported from:
‘class’ ‘mlbench’ ‘neuralnet’ ‘rpart’
All declared Imports should be used.
Flavors: r-devel-linux-x86_64-fedora-clang, r-devel-linux-x86_64-fedora-gcc, r-oldrel-macos-arm64, r-oldrel-macos-x86_64