CRAN Package Check Results for Package FactoClass

Last updated on 2018-09-23 22:46:55 CEST.

Flavor Version Tinstall Tcheck Ttotal Status Flags
r-devel-linux-x86_64-debian-clang 1.2.4 6.87 48.10 54.97 ERROR
r-devel-linux-x86_64-debian-gcc 1.2.4 5.17 37.27 42.44 ERROR
r-devel-linux-x86_64-fedora-clang 1.2.4 64.00 ERROR
r-devel-linux-x86_64-fedora-gcc 1.2.4 60.42 ERROR
r-devel-windows-ix86+x86_64 1.2.4 23.00 98.00 121.00 ERROR
r-patched-linux-x86_64 1.2.4 5.74 42.49 48.23 ERROR
r-patched-solaris-x86 1.2.4 81.40 ERROR
r-release-linux-x86_64 1.2.4 6.07 42.70 48.77 ERROR
r-release-windows-ix86+x86_64 1.2.4 14.00 99.00 113.00 ERROR
r-release-osx-x86_64 1.2.4 OK
r-oldrel-windows-ix86+x86_64 1.2.4 10.00 96.00 106.00 ERROR
r-oldrel-osx-x86_64 1.2.4 OK

Check Details

Version: 1.2.4
Check: examples
Result: ERROR
    Running examples in ‘FactoClass-Ex.R’ failed
    The error most likely occurred in:
    
    > base::assign(".ptime", proc.time(), pos = "CheckExEnv")
    > ### Name: FactoClass.tex
    > ### Title: Table of Coordinates, Aids of Interpretation of the Principal
    > ### Axes and Cluster Analysis in LaTeX format.
    > ### Aliases: FactoClass.tex print.FactoClass.tex latexDF roundDF
    > ### Keywords: multivariate
    >
    > ### ** Examples
    >
    > data(DogBreeds)
    > DB.act <- DogBreeds[-7] # active variables
    > DB.ilu <- DogBreeds[7] # illustrative variables
    > # MCA
    > FaCl <- FactoClass( DB.act, dudi.acm,
    + scanFC = FALSE, dfilu = DB.ilu, nfcl = 10, k.clust = 4 )
    The number of retained axes for factorial analysis is 2
    
    The number of axes for clustering is 10
    
    dev.new(): using pdf(file="Rplots6.pdf")
    dev.new(): using pdf(file="Rplots7.pdf")
    Look the histogram of 25 indexes
    Partition in 4 clusters
    dev.new(): using pdf(file="Rplots8.pdf")
    > FactoClass.tex(FaCl,job="DogBreeds1", append=TRUE)
    Error in subset.default(afgI$TOT, select = 3) :
     argument "subset" is missing, with no default
    Calls: FactoClass.tex -> cbind -> subset -> subset.default
    Execution halted
Flavors: r-devel-linux-x86_64-debian-clang, r-devel-linux-x86_64-debian-gcc, r-patched-linux-x86_64, r-release-linux-x86_64

Version: 1.2.4
Check: examples
Result: ERROR
    Running examples in ‘FactoClass-Ex.R’ failed
    The error most likely occurred in:
    
    > ### Name: FactoClass.tex
    > ### Title: Table of Coordinates, Aids of Interpretation of the Principal
    > ### Axes and Cluster Analysis in LaTeX format.
    > ### Aliases: FactoClass.tex print.FactoClass.tex latexDF roundDF
    > ### Keywords: multivariate
    >
    > ### ** Examples
    >
    > data(DogBreeds)
    > DB.act <- DogBreeds[-7] # active variables
    > DB.ilu <- DogBreeds[7] # illustrative variables
    > # MCA
    > FaCl <- FactoClass( DB.act, dudi.acm,
    + scanFC = FALSE, dfilu = DB.ilu, nfcl = 10, k.clust = 4 )
    The number of retained axes for factorial analysis is 2
    
    The number of axes for clustering is 10
    
    dev.new(): using pdf(file="Rplots6.pdf")
    dev.new(): using pdf(file="Rplots7.pdf")
    Look the histogram of 25 indexes
    Partition in 4 clusters
    dev.new(): using pdf(file="Rplots8.pdf")
    > FactoClass.tex(FaCl,job="DogBreeds1", append=TRUE)
    Error in subset.default(afgI$TOT, select = 3) :
     argument "subset" is missing, with no default
    Calls: FactoClass.tex -> cbind -> subset -> subset.default
    Execution halted
Flavors: r-devel-linux-x86_64-fedora-clang, r-devel-linux-x86_64-fedora-gcc, r-patched-solaris-x86

Version: 1.2.4
Check: running examples for arch ‘i386’
Result: ERROR
    Running examples in 'FactoClass-Ex.R' failed
    The error most likely occurred in:
    
    > ### Name: FactoClass.tex
    > ### Title: Table of Coordinates, Aids of Interpretation of the Principal
    > ### Axes and Cluster Analysis in LaTeX format.
    > ### Aliases: FactoClass.tex print.FactoClass.tex latexDF roundDF
    > ### Keywords: multivariate
    >
    > ### ** Examples
    >
    > data(DogBreeds)
    > DB.act <- DogBreeds[-7] # active variables
    > DB.ilu <- DogBreeds[7] # illustrative variables
    > # MCA
    > FaCl <- FactoClass( DB.act, dudi.acm,
    + scanFC = FALSE, dfilu = DB.ilu, nfcl = 10, k.clust = 4 )
    The number of retained axes for factorial analysis is 2
    
    The number of axes for clustering is 10
    
    dev.new(): using pdf(file="Rplots6.pdf")
    dev.new(): using pdf(file="Rplots7.pdf")
    Look the histogram of 25 indexes
    Partition in 4 clusters
    dev.new(): using pdf(file="Rplots8.pdf")
    > FactoClass.tex(FaCl,job="DogBreeds1", append=TRUE)
    Error in subset.default(afgI$TOT, select = 3) :
     argument "subset" is missing, with no default
    Calls: FactoClass.tex -> cbind -> subset -> subset.default
    Execution halted
Flavors: r-devel-windows-ix86+x86_64, r-release-windows-ix86+x86_64, r-oldrel-windows-ix86+x86_64

Version: 1.2.4
Check: running examples for arch ‘x64’
Result: ERROR
    Running examples in 'FactoClass-Ex.R' failed
    The error most likely occurred in:
    
    > ### Name: FactoClass.tex
    > ### Title: Table of Coordinates, Aids of Interpretation of the Principal
    > ### Axes and Cluster Analysis in LaTeX format.
    > ### Aliases: FactoClass.tex print.FactoClass.tex latexDF roundDF
    > ### Keywords: multivariate
    >
    > ### ** Examples
    >
    > data(DogBreeds)
    > DB.act <- DogBreeds[-7] # active variables
    > DB.ilu <- DogBreeds[7] # illustrative variables
    > # MCA
    > FaCl <- FactoClass( DB.act, dudi.acm,
    + scanFC = FALSE, dfilu = DB.ilu, nfcl = 10, k.clust = 4 )
    The number of retained axes for factorial analysis is 2
    
    The number of axes for clustering is 10
    
    dev.new(): using pdf(file="Rplots6.pdf")
    dev.new(): using pdf(file="Rplots7.pdf")
    Look the histogram of 25 indexes
    Partition in 4 clusters
    dev.new(): using pdf(file="Rplots8.pdf")
    > FactoClass.tex(FaCl,job="DogBreeds1", append=TRUE)
    Error in subset.default(afgI$TOT, select = 3) :
     argument "subset" is missing, with no default
    Calls: FactoClass.tex -> cbind -> subset -> subset.default
    Execution halted
Flavors: r-devel-windows-ix86+x86_64, r-release-windows-ix86+x86_64, r-oldrel-windows-ix86+x86_64