CRAN Package Check Results for Package FarmSelect

Last updated on 2023-06-04 22:59:58 CEST.

Flavor Version Tinstall Tcheck Ttotal Status Flags
r-devel-linux-x86_64-debian-clang 1.0.2 46.49 87.15 133.64 NOTE
r-devel-linux-x86_64-debian-gcc 1.0.2 32.13 66.43 98.56 NOTE
r-devel-linux-x86_64-fedora-clang 1.0.2 174.93 NOTE
r-devel-linux-x86_64-fedora-gcc 1.0.2 191.96 NOTE
r-devel-windows-x86_64 1.0.2 35.00 112.00 147.00 NOTE
r-patched-linux-x86_64 1.0.2 40.83 86.04 126.87 NOTE
r-release-linux-x86_64 1.0.2 36.92 88.47 125.39 NOTE
r-release-macos-arm64 1.0.2 61.00 NOTE
r-release-macos-x86_64 1.0.2 94.00 NOTE
r-release-windows-x86_64 1.0.2 42.00 122.00 164.00 NOTE
r-oldrel-macos-arm64 1.0.2 58.00 NOTE
r-oldrel-macos-x86_64 1.0.2 66.00 NOTE
r-oldrel-windows-x86_64 1.0.2 41.00 127.00 168.00 NOTE

Check Details

Version: 1.0.2
Check: LazyData
Result: NOTE
     'LazyData' is specified without a 'data' directory
Flavors: r-devel-linux-x86_64-debian-clang, r-devel-linux-x86_64-debian-gcc, r-devel-linux-x86_64-fedora-clang, r-devel-linux-x86_64-fedora-gcc, r-devel-windows-x86_64, r-patched-linux-x86_64, r-release-linux-x86_64, r-release-macos-arm64, r-release-macos-x86_64, r-release-windows-x86_64, r-oldrel-macos-arm64, r-oldrel-macos-x86_64, r-oldrel-windows-x86_64