Last updated on 2025-04-29 22:50:01 CEST.
Flavor | Version | Tinstall | Tcheck | Ttotal | Status | Flags |
---|---|---|---|---|---|---|
r-devel-linux-x86_64-debian-clang | 2.2.1 | 2.21 | 34.25 | 36.46 | NOTE | |
r-devel-linux-x86_64-debian-gcc | 2.2.1 | 1.68 | 25.02 | 26.70 | NOTE | |
r-devel-linux-x86_64-fedora-clang | 2.2.1 | 56.62 | OK | |||
r-devel-linux-x86_64-fedora-gcc | 2.2.1 | 53.18 | OK | |||
r-devel-windows-x86_64 | 2.2.1 | 3.00 | 52.00 | 55.00 | OK | |
r-patched-linux-x86_64 | 2.2.1 | 2.41 | 32.20 | 34.61 | OK | |
r-release-linux-x86_64 | 2.2.1 | 1.61 | 31.93 | 33.54 | OK | |
r-release-macos-arm64 | 2.2.1 | 24.00 | OK | |||
r-release-macos-x86_64 | 2.2.1 | 46.00 | OK | |||
r-release-windows-x86_64 | 2.2.1 | 3.00 | 56.00 | 59.00 | OK | |
r-oldrel-macos-arm64 | 2.2.1 | 20.00 | OK | |||
r-oldrel-macos-x86_64 | 2.2.1 | 29.00 | OK | |||
r-oldrel-windows-x86_64 | 2.2.1 | 3.00 | 63.00 | 66.00 | OK |
Version: 2.2.1
Check: CRAN incoming feasibility
Result: NOTE
Maintainer: ‘Stephen R. Haptonstahl <srh@haptonstahl.org>’
No Authors@R field in DESCRIPTION.
Please add one, modifying
Authors@R: person(given = c("Stephen", "R."),
family = "Haptonstahl",
role = c("aut", "cre"),
email = "srh@haptonstahl.org")
as necessary.
Flavors: r-devel-linux-x86_64-debian-clang, r-devel-linux-x86_64-debian-gcc
Version: 2.2.1
Check: examples
Result: NOTE
Examples with CPU (user + system) or elapsed time > 5s
user system elapsed
FastImputation 4.899 0.203 6.081
Flavor: r-devel-linux-x86_64-debian-clang