Last updated on 2023-12-03 22:57:06 CET.
Flavor | Version | Tinstall | Tcheck | Ttotal | Status | Flags |
---|---|---|---|---|---|---|
r-devel-linux-x86_64-debian-clang | 0.0.8 | 36.97 | 25.62 | 62.59 | NOTE | |
r-devel-linux-x86_64-debian-gcc | 0.0.8 | 28.88 | 22.58 | 51.46 | NOTE | |
r-devel-linux-x86_64-fedora-clang | 0.0.8 | 73.39 | NOTE | |||
r-devel-linux-x86_64-fedora-gcc | 0.0.8 | 86.72 | NOTE | |||
r-devel-windows-x86_64 | 0.0.8 | 26.00 | 65.00 | 91.00 | NOTE | |
r-patched-linux-x86_64 | 0.0.8 | 36.00 | 28.37 | 64.37 | NOTE | |
r-release-linux-x86_64 | 0.0.8 | 32.37 | 28.07 | 60.44 | NOTE | |
r-release-macos-arm64 | 0.0.8 | 35.00 | NOTE | |||
r-release-macos-x86_64 | 0.0.8 | 46.00 | NOTE | |||
r-release-windows-x86_64 | 0.0.8 | 31.00 | 71.00 | 102.00 | NOTE | |
r-oldrel-macos-arm64 | 0.0.8 | 34.00 | NOTE | |||
r-oldrel-macos-x86_64 | 0.0.8 | 39.00 | NOTE | |||
r-oldrel-windows-x86_64 | 0.0.8 | 31.00 | 71.00 | 102.00 | OK |
Version: 0.0.8
Check: C++ specification
Result: NOTE
Specified C++11: please drop specification unless essential
Flavors: r-devel-linux-x86_64-debian-clang, r-devel-linux-x86_64-debian-gcc, r-devel-linux-x86_64-fedora-clang, r-devel-linux-x86_64-fedora-gcc, r-devel-windows-x86_64, r-patched-linux-x86_64, r-release-linux-x86_64, r-release-macos-arm64, r-release-macos-x86_64, r-release-windows-x86_64
Version: 0.0.8
Check: Rd files
Result: NOTE
checkRd: (-1) Lemons.Rd:3: Escaped LaTeX specials: \&
checkRd: (-1) Lemons.Rd:5: Escaped LaTeX specials: \&
Flavors: r-devel-linux-x86_64-debian-clang, r-devel-linux-x86_64-debian-gcc, r-devel-linux-x86_64-fedora-clang, r-devel-linux-x86_64-fedora-gcc, r-devel-windows-x86_64, r-patched-linux-x86_64, r-release-linux-x86_64, r-release-macos-arm64, r-release-macos-x86_64, r-release-windows-x86_64
Version: 0.0.8
Check: Rd metadata
Result: NOTE
Invalid package aliases in Rd file 'FastRCS-package.Rd':
‘FastPCS-package’
Flavors: r-devel-linux-x86_64-debian-clang, r-devel-linux-x86_64-debian-gcc, r-devel-linux-x86_64-fedora-clang, r-devel-linux-x86_64-fedora-gcc, r-devel-windows-x86_64
Version: 0.0.8
Check: installed package size
Result: NOTE
installed size is 17.8Mb
sub-directories of 1Mb or more:
libs 17.7Mb
Flavors: r-release-macos-arm64, r-release-macos-x86_64, r-oldrel-macos-arm64, r-oldrel-macos-x86_64