CRAN Package Check Results for Package FastSF

Last updated on 2024-06-20 22:50:44 CEST.

Flavor Version Tinstall Tcheck Ttotal Status Flags
r-devel-linux-x86_64-debian-clang 0.1.1 89.91 34.61 124.52 NOTE
r-devel-linux-x86_64-debian-gcc 0.1.1 64.22 26.84 91.06 NOTE
r-devel-linux-x86_64-fedora-clang 0.1.1 182.19 NOTE
r-devel-linux-x86_64-fedora-gcc 0.1.1 189.78 NOTE
r-devel-windows-x86_64 0.1.1 71.00 70.00 141.00 NOTE
r-patched-linux-x86_64 0.1.1 75.14 34.98 110.12 NOTE
r-release-linux-x86_64 0.1.1 77.28 35.38 112.66 NOTE
r-release-macos-arm64 0.1.1 39.00 NOTE
r-release-macos-x86_64 0.1.1 54.00 NOTE
r-release-windows-x86_64 0.1.1 68.00 70.00 138.00 NOTE
r-oldrel-macos-arm64 0.1.1 43.00 NOTE
r-oldrel-macos-x86_64 0.1.1 83.00 NOTE
r-oldrel-windows-x86_64 0.1.1 84.00 80.00 164.00 NOTE

Check Details

Version: 0.1.1
Check: LazyData
Result: NOTE 'LazyData' is specified without a 'data' directory Flavors: r-devel-linux-x86_64-debian-clang, r-devel-linux-x86_64-debian-gcc, r-devel-linux-x86_64-fedora-clang, r-devel-linux-x86_64-fedora-gcc, r-devel-windows-x86_64, r-patched-linux-x86_64, r-release-linux-x86_64, r-release-macos-arm64, r-release-macos-x86_64, r-release-windows-x86_64, r-oldrel-macos-arm64, r-oldrel-macos-x86_64, r-oldrel-windows-x86_64