Last updated on 2023-12-06 23:11:58 CET.
Flavor | Version | Tinstall | Tcheck | Ttotal | Status | Flags |
---|---|---|---|---|---|---|
r-devel-linux-x86_64-debian-clang | 0.1.1 | 92.35 | 33.55 | 125.90 | NOTE | |
r-devel-linux-x86_64-debian-gcc | 0.1.1 | 62.24 | 26.98 | 89.22 | NOTE | |
r-devel-linux-x86_64-fedora-clang | 0.1.1 | 184.36 | NOTE | |||
r-devel-linux-x86_64-fedora-gcc | 0.1.1 | 184.10 | NOTE | |||
r-devel-windows-x86_64 | 0.1.1 | 68.00 | 69.00 | 137.00 | NOTE | |
r-patched-linux-x86_64 | 0.1.1 | 76.90 | 34.47 | 111.37 | NOTE | |
r-release-linux-x86_64 | 0.1.1 | 72.27 | 34.12 | 106.39 | NOTE | |
r-release-macos-arm64 | 0.1.1 | 43.00 | NOTE | |||
r-release-macos-x86_64 | 0.1.1 | 83.00 | NOTE | |||
r-release-windows-x86_64 | 0.1.1 | 86.00 | 79.00 | 165.00 | NOTE | |
r-oldrel-macos-arm64 | 0.1.1 | 41.00 | NOTE | |||
r-oldrel-macos-x86_64 | 0.1.1 | 60.00 | NOTE | |||
r-oldrel-windows-x86_64 | 0.1.1 | 81.00 | 80.00 | 161.00 | NOTE |
Version: 0.1.1
Check: LazyData
Result: NOTE
'LazyData' is specified without a 'data' directory
Flavors: r-devel-linux-x86_64-debian-clang, r-devel-linux-x86_64-debian-gcc, r-devel-linux-x86_64-fedora-clang, r-devel-linux-x86_64-fedora-gcc, r-devel-windows-x86_64, r-patched-linux-x86_64, r-release-linux-x86_64, r-release-macos-arm64, r-release-macos-x86_64, r-release-windows-x86_64, r-oldrel-macos-arm64, r-oldrel-macos-x86_64, r-oldrel-windows-x86_64