Last updated on 2023-12-03 22:57:06 CET.
Flavor | Version | Tinstall | Tcheck | Ttotal | Status | Flags |
---|---|---|---|---|---|---|
r-devel-linux-x86_64-debian-clang | 0.9.1.5 | 89.24 | 130.70 | 219.94 | NOTE | |
r-devel-linux-x86_64-debian-gcc | 0.9.1.5 | 60.86 | 102.47 | 163.33 | NOTE | |
r-devel-linux-x86_64-fedora-clang | 0.9.1.5 | 298.99 | NOTE | |||
r-devel-linux-x86_64-fedora-gcc | 0.9.1.5 | 302.23 | NOTE | |||
r-devel-windows-x86_64 | 0.9.1.5 | 64.00 | 134.00 | 198.00 | NOTE | |
r-patched-linux-x86_64 | 0.9.1.5 | 68.00 | 130.39 | 198.39 | NOTE | |
r-release-linux-x86_64 | 0.9.1.5 | 74.94 | 127.79 | 202.73 | NOTE | |
r-release-macos-arm64 | 0.9.1.5 | 93.00 | NOTE | |||
r-release-macos-x86_64 | 0.9.1.5 | 170.00 | NOTE | |||
r-release-windows-x86_64 | 0.9.1.5 | 69.00 | 161.00 | 230.00 | NOTE | |
r-oldrel-macos-arm64 | 0.9.1.5 | 87.00 | OK | |||
r-oldrel-macos-x86_64 | 0.9.1.5 | 107.00 | OK | |||
r-oldrel-windows-x86_64 | 0.9.1.5 | 79.00 | 165.00 | 244.00 | OK |
Version: 0.9.1.5
Check: C++ specification
Result: NOTE
Specified C++11: please drop specification unless essential
Flavors: r-devel-linux-x86_64-debian-clang, r-devel-linux-x86_64-debian-gcc, r-devel-linux-x86_64-fedora-clang, r-devel-linux-x86_64-fedora-gcc, r-devel-windows-x86_64, r-patched-linux-x86_64, r-release-linux-x86_64, r-release-macos-arm64, r-release-macos-x86_64, r-release-windows-x86_64