CRAN Package Check Results for Package FeatureImpCluster

Last updated on 2021-04-12 22:51:01 CEST.

Flavor Version Tinstall Tcheck Ttotal Status Flags
r-devel-linux-x86_64-debian-clang 0.1.2 2.39 37.34 39.73 NOTE
r-devel-linux-x86_64-debian-gcc 0.1.2 1.90 29.48 31.38 NOTE
r-devel-linux-x86_64-fedora-clang 0.1.2 56.54 NOTE
r-devel-linux-x86_64-fedora-gcc 0.1.2 46.09 NOTE
r-devel-windows-ix86+x86_64 0.1.2 7.00 55.00 62.00 NOTE
r-devel-windows-x86_64-gcc10-UCRT 0.1.2 NOTE
r-patched-linux-x86_64 0.1.2 2.16 35.09 37.25 OK
r-patched-solaris-x86 0.1.2 71.10 OK
r-release-linux-x86_64 0.1.2 2.17 35.71 37.88 OK
r-release-macos-x86_64 0.1.2 OK
r-release-windows-ix86+x86_64 0.1.2 5.00 56.00 61.00 OK
r-oldrel-macos-x86_64 0.1.2 OK
r-oldrel-windows-ix86+x86_64 0.1.2 5.00 43.00 48.00 OK

Check Details

Version: 0.1.2
Check: LazyData
Result: NOTE
     'LazyData' is specified without a 'data' directory
Flavors: r-devel-linux-x86_64-debian-clang, r-devel-linux-x86_64-debian-gcc, r-devel-linux-x86_64-fedora-clang, r-devel-linux-x86_64-fedora-gcc, r-devel-windows-ix86+x86_64, r-devel-windows-x86_64-gcc10-UCRT