Last updated on 2023-12-07 21:55:46 CET.
Flavor | Version | Tinstall | Tcheck | Ttotal | Status | Flags |
---|---|---|---|---|---|---|
r-devel-linux-x86_64-debian-clang | 1.0.1 | 38.97 | 36.11 | 75.08 | OK | |
r-devel-linux-x86_64-debian-gcc | 1.0.1 | 28.78 | 27.40 | 56.18 | OK | |
r-devel-linux-x86_64-fedora-clang | 1.0.1 | 101.68 | OK | |||
r-devel-linux-x86_64-fedora-gcc | 1.0.1 | 99.15 | OK | |||
r-devel-windows-x86_64 | 1.0.1 | 35.00 | 77.00 | 112.00 | OK | |
r-patched-linux-x86_64 | 1.0.1 | 32.27 | 35.37 | 67.64 | OK | |
r-release-linux-x86_64 | 1.0.1 | 34.87 | 35.76 | 70.63 | OK | |
r-release-macos-arm64 | 1.0.1 | 34.00 | OK | |||
r-release-macos-x86_64 | 1.0.1 | 50.00 | NOTE | |||
r-release-windows-x86_64 | 1.0.1 | 32.00 | 81.00 | 113.00 | OK | |
r-oldrel-macos-arm64 | 1.0.1 | 33.00 | OK | |||
r-oldrel-macos-x86_64 | 1.0.1 | 47.00 | OK | |||
r-oldrel-windows-x86_64 | 1.0.1 | 42.00 | 79.00 | 121.00 | OK |
Version: 1.0.1
Check: installed package size
Result: NOTE
installed size is 5.2Mb
sub-directories of 1Mb or more:
data 2.6Mb
libs 2.5Mb
Flavor: r-release-macos-x86_64