CRAN Package Check Results for Package FindMinIC

Last updated on 2017-12-13 21:50:46 CET.

Flavor Version Tinstall Tcheck Ttotal Status Flags
r-devel-linux-x86_64-debian-clang 1.6 0.90 19.14 20.04 NOTE
r-devel-linux-x86_64-debian-gcc 1.6 0.73 17.22 17.95 NOTE
r-devel-linux-x86_64-fedora-clang 1.6 21.82 NOTE
r-devel-linux-x86_64-fedora-gcc 1.6 21.11 NOTE
r-devel-windows-ix86+x86_64 1.6 4.00 41.00 45.00 OK
r-patched-linux-x86_64 1.6 1.20 20.09 21.29 NOTE
r-patched-solaris-x86 1.6 32.40 NOTE
r-release-linux-x86_64 1.6 1.28 20.45 21.73 NOTE
r-release-windows-ix86+x86_64 1.6 3.00 31.00 34.00 OK
r-release-osx-x86_64 1.6 OK
r-oldrel-windows-ix86+x86_64 1.6 4.00 38.00 42.00 OK
r-oldrel-osx-x86_64 1.6 OK

Check Details

Version: 1.6
Check: S3 generic/method consistency
Result: NOTE
    Found the following apparent S3 methods exported but not registered:
     FindMinIC.default FindMinIC.formula fmi.default fmi.formula
     formula.cm print.summary.cm print.summary.cmList summary.cm
     summary.cmList
    See section ‘Registering S3 methods’ in the ‘Writing R Extensions’
    manual.
Flavors: r-devel-linux-x86_64-debian-clang, r-devel-linux-x86_64-debian-gcc, r-devel-linux-x86_64-fedora-clang, r-devel-linux-x86_64-fedora-gcc, r-patched-linux-x86_64, r-patched-solaris-x86, r-release-linux-x86_64