Last updated on 2024-04-18 22:52:41 CEST.
Flavor | Version | Tinstall | Tcheck | Ttotal | Status | Flags |
---|---|---|---|---|---|---|
r-devel-linux-x86_64-debian-clang | 1.0.1 | 11.59 | 85.64 | 97.23 | NOTE | |
r-devel-linux-x86_64-debian-gcc | 1.0.1 | 8.87 | 63.57 | 72.44 | NOTE | |
r-devel-linux-x86_64-fedora-clang | 1.0.1 | 117.56 | NOTE | |||
r-devel-linux-x86_64-fedora-gcc | 1.0.1 | 148.89 | NOTE | |||
r-prerel-macos-arm64 | 1.0.1 | 50.00 | NOTE | |||
r-prerel-windows-x86_64 | 1.0.1 | 10.00 | 78.00 | 88.00 | NOTE | |
r-patched-linux-x86_64 | 1.0.1 | 6.92 | 82.60 | 89.52 | NOTE | |
r-release-linux-x86_64 | 1.0.1 | 8.62 | 79.09 | 87.71 | NOTE | |
r-release-macos-arm64 | 1.0.1 | 48.00 | NOTE | |||
r-release-macos-x86_64 | 1.0.1 | 81.00 | NOTE | |||
r-release-windows-x86_64 | 1.0.1 | 12.00 | 91.00 | 103.00 | NOTE | |
r-oldrel-macos-arm64 | 1.0.1 | 48.00 | NOTE | |||
r-oldrel-windows-x86_64 | 1.0.1 | 13.00 | 98.00 | 111.00 | NOTE |
Version: 1.0.1
Check: LazyData
Result: NOTE
'LazyData' is specified without a 'data' directory
Flavors: r-devel-linux-x86_64-debian-clang, r-devel-linux-x86_64-debian-gcc, r-devel-linux-x86_64-fedora-clang, r-devel-linux-x86_64-fedora-gcc, r-prerel-macos-arm64, r-prerel-windows-x86_64, r-patched-linux-x86_64, r-release-linux-x86_64, r-release-macos-arm64, r-release-macos-x86_64, r-release-windows-x86_64, r-oldrel-macos-arm64, r-oldrel-windows-x86_64
Version: 1.0.1
Check: dependencies in R code
Result: NOTE
Namespace in Imports field not imported from: ‘decomposedPSF’
All declared Imports should be used.
Flavors: r-devel-linux-x86_64-fedora-clang, r-devel-linux-x86_64-fedora-gcc, r-oldrel-macos-arm64