CRAN Package Check Results for Package ForestTools

Last updated on 2023-01-30 22:57:09 CET.

Flavor Version Tinstall Tcheck Ttotal Status Flags
r-devel-linux-x86_64-debian-clang 0.2.5 21.54 157.40 178.94 OK
r-devel-linux-x86_64-debian-gcc 0.2.5 16.65 115.26 131.91 OK
r-devel-linux-x86_64-fedora-clang 0.2.5 249.99 NOTE
r-devel-linux-x86_64-fedora-gcc 0.2.5 234.53 NOTE
r-devel-windows-x86_64 0.2.5 72.00 204.00 276.00 OK
r-patched-linux-x86_64 0.2.5 20.54 148.73 169.27 OK
r-release-linux-x86_64 0.2.5 18.48 134.51 152.99 OK
r-release-macos-arm64 0.2.5 52.00 NOTE
r-release-macos-x86_64 0.2.5 74.00 NOTE
r-release-windows-x86_64 0.2.5 65.00 202.00 267.00 OK
r-oldrel-macos-arm64 0.2.5 49.00 NOTE
r-oldrel-macos-x86_64 0.2.5 65.00 NOTE
r-oldrel-windows-ix86+x86_64 0.2.5 53.00 214.00 267.00 NOTE

Check Details

Version: 0.2.5
Check: dependencies in R code
Result: NOTE
    Namespace in Imports field not imported from: ‘methods’
     All declared Imports should be used.
Flavors: r-devel-linux-x86_64-fedora-clang, r-devel-linux-x86_64-fedora-gcc, r-release-macos-arm64, r-release-macos-x86_64, r-oldrel-macos-arm64, r-oldrel-macos-x86_64

Version: 0.2.5
Check: installed package size
Result: NOTE
     installed size is 5.5Mb
     sub-directories of 1Mb or more:
     data 2.4Mb
     libs 2.0Mb
Flavor: r-oldrel-windows-ix86+x86_64