CRAN Package Check Results for Package FormShare

Last updated on 2023-10-04 00:01:47 CEST.

Flavor Version Tinstall Tcheck Ttotal Status Flags
r-devel-linux-x86_64-debian-clang 1.0.1 2.98 21.70 24.68 OK
r-devel-linux-x86_64-debian-gcc 1.0.1 2.41 17.18 19.59 OK
r-devel-linux-x86_64-fedora-clang 1.0.1 31.38 NOTE
r-devel-linux-x86_64-fedora-gcc 1.0.1 30.92 NOTE
r-devel-windows-x86_64 1.0.1 3.00 41.00 44.00 OK
r-patched-linux-x86_64 1.0.1 3.23 21.43 24.66 OK
r-release-linux-x86_64 1.0.1 3.33 21.45 24.78 OK
r-release-macos-arm64 1.0.1 17.00 OK
r-release-macos-x86_64 1.0.1 23.00 OK
r-release-windows-x86_64 1.0.1 5.00 40.00 45.00 OK
r-oldrel-macos-arm64 1.0.1 17.00 OK
r-oldrel-macos-x86_64 1.0.1 23.00 OK
r-oldrel-windows-x86_64 1.0.1 5.00 41.00 46.00 OK

Check Details

Version: 1.0.1
Check: dependencies in R code
Result: NOTE
    Namespaces in Imports field not imported from:
     ‘R6’ ‘httr’ ‘jsonlite’
     All declared Imports should be used.
Flavors: r-devel-linux-x86_64-fedora-clang, r-devel-linux-x86_64-fedora-gcc