Last updated on 2024-04-18 22:52:41 CEST.
Flavor | Version | Tinstall | Tcheck | Ttotal | Status | Flags |
---|---|---|---|---|---|---|
r-devel-linux-x86_64-debian-clang | 1.5.1 | 2.65 | 23.00 | 25.65 | NOTE | |
r-devel-linux-x86_64-debian-gcc | 1.5.1 | 2.22 | 17.81 | 20.03 | NOTE | |
r-devel-linux-x86_64-fedora-clang | 1.5.1 | 33.19 | NOTE | |||
r-devel-linux-x86_64-fedora-gcc | 1.5.1 | 31.28 | NOTE | |||
r-prerel-macos-arm64 | 1.5.1 | 14.00 | NOTE | |||
r-prerel-windows-x86_64 | 1.5.1 | 3.00 | 41.00 | 44.00 | NOTE | |
r-patched-linux-x86_64 | 1.5.1 | 2.94 | 22.86 | 25.80 | NOTE | |
r-release-linux-x86_64 | 1.5.1 | 2.34 | 22.53 | 24.87 | NOTE | |
r-release-macos-arm64 | 1.5.1 | 15.00 | NOTE | |||
r-release-macos-x86_64 | 1.5.1 | 20.00 | NOTE | |||
r-release-windows-x86_64 | 1.5.1 | 5.00 | 39.00 | 44.00 | NOTE | |
r-oldrel-macos-arm64 | 1.5.1 | 16.00 | NOTE | |||
r-oldrel-windows-x86_64 | 1.5.1 | 8.00 | 46.00 | 54.00 | NOTE |
Version: 1.5.1
Check: LazyData
Result: NOTE
'LazyData' is specified without a 'data' directory
Flavors: r-devel-linux-x86_64-debian-clang, r-devel-linux-x86_64-debian-gcc, r-devel-linux-x86_64-fedora-clang, r-devel-linux-x86_64-fedora-gcc, r-prerel-macos-arm64, r-prerel-windows-x86_64, r-patched-linux-x86_64, r-release-linux-x86_64, r-release-macos-arm64, r-release-macos-x86_64, r-release-windows-x86_64, r-oldrel-macos-arm64, r-oldrel-windows-x86_64