CRAN Package Check Results for Package GADMTools

Last updated on 2019-10-16 22:55:58 CEST.

Flavor Version Tinstall Tcheck Ttotal Status Flags
r-devel-linux-x86_64-debian-clang 3.7-2 12.78 158.38 171.16 OK
r-devel-linux-x86_64-debian-gcc 3.7-2 11.64 119.96 131.60 OK
r-devel-linux-x86_64-fedora-clang 3.7-2 206.01 NOTE
r-devel-linux-x86_64-fedora-gcc 3.7-2 201.02 NOTE
r-devel-windows-ix86+x86_64 3.7-2 61.00 532.00 593.00 OK
r-patched-linux-x86_64 3.7-2 13.27 150.50 163.77 OK
r-patched-solaris-x86 3.7-2 298.40 NOTE
r-release-linux-x86_64 3.7-2 11.98 151.86 163.84 OK
r-release-windows-ix86+x86_64 3.7-2 38.00 349.00 387.00 OK
r-release-osx-x86_64 3.7-2 NOTE
r-oldrel-windows-ix86+x86_64 3.7-2 45.00 339.00 384.00 OK
r-oldrel-osx-x86_64 3.7-2 NOTE

Check Details

Version: 3.7-2
Check: data for non-ASCII characters
Result: NOTE
     Note: found 19 marked UTF-8 strings
Flavors: r-devel-linux-x86_64-fedora-clang, r-devel-linux-x86_64-fedora-gcc, r-patched-solaris-x86, r-release-osx-x86_64, r-oldrel-osx-x86_64