CRAN Package Check Results for Package GADMTools

Last updated on 2019-07-16 07:50:46 CEST.

Flavor Version Tinstall Tcheck Ttotal Status Flags
r-devel-linux-x86_64-debian-clang 3.7-1 11.72 158.32 170.04 OK
r-devel-linux-x86_64-debian-gcc 3.7-1 11.32 122.63 133.95 OK
r-devel-linux-x86_64-fedora-clang 3.7-1 202.45 NOTE
r-devel-linux-x86_64-fedora-gcc 3.7-1 198.63 NOTE
r-devel-windows-ix86+x86_64 3.7-1 51.00 518.00 569.00 OK
r-patched-linux-x86_64 3.7-1 13.93 151.31 165.24 OK
r-patched-solaris-x86 3.7-1 327.40 NOTE
r-release-linux-x86_64 3.7-1 12.91 151.62 164.53 OK
r-release-windows-ix86+x86_64 3.7-1 30.00 380.00 410.00 OK
r-release-osx-x86_64 3.7-1 NOTE
r-oldrel-windows-ix86+x86_64 3.7-1 30.00 489.00 519.00 OK
r-oldrel-osx-x86_64 3.7-1 NOTE

Check Details

Version: 3.7-1
Check: data for non-ASCII characters
Result: NOTE
     Note: found 19 marked UTF-8 strings
Flavors: r-devel-linux-x86_64-fedora-clang, r-devel-linux-x86_64-fedora-gcc, r-patched-solaris-x86, r-release-osx-x86_64, r-oldrel-osx-x86_64