Last updated on 2024-04-19 22:55:46 CEST.
Flavor | Version | Tinstall | Tcheck | Ttotal | Status | Flags |
---|---|---|---|---|---|---|
r-devel-linux-x86_64-debian-clang | 0.6.2 | 214.26 | 44.90 | 259.16 | OK | |
r-devel-linux-x86_64-debian-gcc | 0.6.2 | OK | ||||
r-devel-linux-x86_64-fedora-clang | 0.6.2 | 322.25 | OK | |||
r-devel-linux-x86_64-fedora-gcc | 0.6.2 | 405.13 | OK | |||
r-prerel-macos-arm64 | 0.6.2 | 84.00 | NOTE | |||
r-prerel-macos-x86_64 | 0.6.2 | 97.00 | NOTE | |||
r-prerel-windows-x86_64 | 0.6.2 | 149.00 | 88.00 | 237.00 | OK | |
r-patched-linux-x86_64 | 0.6.2 | 218.02 | 58.94 | 276.96 | OK | |
r-release-linux-x86_64 | 0.6.2 | 213.87 | 61.67 | 275.54 | OK | |
r-release-macos-arm64 | 0.6.2 | 77.00 | NOTE | |||
r-release-macos-x86_64 | 0.6.2 | 101.00 | NOTE | |||
r-release-windows-x86_64 | 0.6.2 | 180.00 | 104.00 | 284.00 | OK | |
r-oldrel-macos-arm64 | 0.6.2 | 71.00 | NOTE | |||
r-oldrel-windows-x86_64 | 0.6.2 | 182.00 | 92.00 | 274.00 | OK |
Version: 0.6.2
Check: installed package size
Result: NOTE
installed size is 55.0Mb
sub-directories of 1Mb or more:
libs 54.8Mb
Flavors: r-prerel-macos-arm64, r-prerel-macos-x86_64, r-release-macos-arm64, r-release-macos-x86_64, r-oldrel-macos-arm64