Last updated on 2024-03-28 23:01:45 CET.
Flavor | Version | Tinstall | Tcheck | Ttotal | Status | Flags |
---|---|---|---|---|---|---|
r-devel-linux-x86_64-debian-clang | 1.0.4 | 13.11 | 84.99 | 98.10 | NOTE | |
r-devel-linux-x86_64-debian-gcc | 1.0.4 | 10.18 | 61.30 | 71.48 | NOTE | |
r-devel-linux-x86_64-fedora-clang | 1.0.4 | 116.69 | NOTE | |||
r-devel-linux-x86_64-fedora-gcc | 1.0.4 | 114.69 | NOTE | |||
r-devel-windows-x86_64 | 1.0.4 | 10.00 | 78.00 | 88.00 | NOTE | |
r-patched-linux-x86_64 | 1.0.4 | 13.61 | 81.50 | 95.11 | NOTE | |
r-release-linux-x86_64 | 1.0.4 | 12.53 | 80.01 | 92.54 | NOTE | |
r-release-macos-arm64 | 1.0.4 | 37.00 | NOTE | |||
r-release-macos-x86_64 | 1.0.4 | 59.00 | NOTE | |||
r-release-windows-x86_64 | 1.0.4 | 13.00 | 88.00 | 101.00 | NOTE | |
r-oldrel-macos-arm64 | 1.0.4 | 34.00 | NOTE | |||
r-oldrel-windows-x86_64 | 1.0.4 | 14.00 | 94.00 | 108.00 | NOTE |
Version: 1.0.4
Check: LazyData
Result: NOTE
'LazyData' is specified without a 'data' directory
Flavors: r-devel-linux-x86_64-debian-clang, r-devel-linux-x86_64-debian-gcc, r-devel-linux-x86_64-fedora-clang, r-devel-linux-x86_64-fedora-gcc, r-devel-windows-x86_64, r-patched-linux-x86_64, r-release-linux-x86_64, r-release-macos-arm64, r-release-macos-x86_64, r-release-windows-x86_64, r-oldrel-macos-arm64, r-oldrel-windows-x86_64