Last updated on 2023-12-06 23:12:00 CET.
Flavor | Version | Tinstall | Tcheck | Ttotal | Status | Flags |
---|---|---|---|---|---|---|
r-devel-linux-x86_64-debian-clang | 0.1 | 53.75 | 26.35 | 80.10 | OK | |
r-devel-linux-x86_64-debian-gcc | 0.1 | 37.79 | 21.51 | 59.30 | OK | |
r-devel-linux-x86_64-fedora-clang | 0.1 | 120.70 | OK | |||
r-devel-linux-x86_64-fedora-gcc | 0.1 | 118.09 | OK | |||
r-devel-windows-x86_64 | 0.1 | 47.00 | 62.00 | 109.00 | OK | |
r-patched-linux-x86_64 | 0.1 | 50.37 | 27.19 | 77.56 | OK | |
r-release-linux-x86_64 | 0.1 | 48.19 | 27.18 | 75.37 | OK | |
r-release-macos-arm64 | 0.1 | 35.00 | NOTE | |||
r-release-macos-x86_64 | 0.1 | 52.00 | NOTE | |||
r-release-windows-x86_64 | 0.1 | 58.00 | 65.00 | 123.00 | OK | |
r-oldrel-macos-arm64 | 0.1 | 35.00 | NOTE | |||
r-oldrel-macos-x86_64 | 0.1 | 40.00 | NOTE | |||
r-oldrel-windows-x86_64 | 0.1 | 50.00 | 66.00 | 116.00 | OK |
Version: 0.1
Check: installed package size
Result: NOTE
installed size is 8.6Mb
sub-directories of 1Mb or more:
libs 8.5Mb
Flavors: r-release-macos-arm64, r-release-macos-x86_64, r-oldrel-macos-arm64, r-oldrel-macos-x86_64