Last updated on 2023-06-08 22:57:02 CEST.
Flavor | Version | Tinstall | Tcheck | Ttotal | Status | Flags |
---|---|---|---|---|---|---|
r-devel-linux-x86_64-debian-clang | 2.1.1 | 38.80 | 115.07 | 153.87 | NOTE | |
r-devel-linux-x86_64-debian-gcc | 2.1.1 | 31.81 | 86.39 | 118.20 | NOTE | |
r-devel-linux-x86_64-fedora-clang | 2.1.1 | 205.30 | NOTE | |||
r-devel-linux-x86_64-fedora-gcc | 2.1.1 | 230.75 | NOTE | |||
r-devel-windows-x86_64 | 2.1.1 | 32.00 | 125.00 | 157.00 | NOTE | |
r-patched-linux-x86_64 | 2.1.1 | 33.55 | 109.51 | 143.06 | NOTE | |
r-release-linux-x86_64 | 2.1.1 | 34.38 | 109.20 | 143.58 | NOTE | |
r-release-macos-arm64 | 2.1.1 | 87.00 | NOTE | |||
r-release-macos-x86_64 | 2.1.1 | 121.00 | NOTE | |||
r-release-windows-x86_64 | 2.1.1 | 43.00 | 151.00 | 194.00 | NOTE | |
r-oldrel-macos-arm64 | 2.1.1 | 75.00 | NOTE | |||
r-oldrel-macos-x86_64 | 2.1.1 | 171.00 | NOTE | |||
r-oldrel-windows-x86_64 | 2.1.1 | 42.00 | 152.00 | 194.00 | OK |
Version: 2.1.1
Check: C++ specification
Result: NOTE
Specified C++11: please drop specification unless essential
Flavors: r-devel-linux-x86_64-debian-clang, r-devel-linux-x86_64-debian-gcc, r-devel-linux-x86_64-fedora-clang, r-devel-linux-x86_64-fedora-gcc, r-devel-windows-x86_64, r-patched-linux-x86_64, r-release-linux-x86_64, r-release-macos-arm64, r-release-macos-x86_64, r-release-windows-x86_64
Version: 2.1.1
Check: Rd files
Result: NOTE
checkRd: (-1) boot_eip.Rd:50: Escaped LaTeX specials: \&
checkRd: (-1) constrained.Rd:93: Escaped LaTeX specials: \&
Flavors: r-devel-linux-x86_64-debian-clang, r-devel-linux-x86_64-debian-gcc, r-devel-linux-x86_64-fedora-clang, r-devel-linux-x86_64-fedora-gcc, r-devel-windows-x86_64, r-patched-linux-x86_64, r-release-linux-x86_64, r-release-macos-arm64, r-release-macos-x86_64, r-release-windows-x86_64
Version: 2.1.1
Check: dependencies in R code
Result: NOTE
Namespaces in Imports field not imported from:
‘Rdpack’ ‘mathjaxr’
All declared Imports should be used.
Flavors: r-devel-linux-x86_64-fedora-clang, r-devel-linux-x86_64-fedora-gcc, r-oldrel-macos-arm64, r-oldrel-macos-x86_64
Version: 2.1.1
Check: package dependencies
Result: NOTE
Packages suggested but not available for checking:
'car', 'NetworkToolbox', 'NetworkComparisonTest'
Flavor: r-release-macos-x86_64