Last updated on 2023-06-09 22:58:27 CEST.
Flavor | Version | Tinstall | Tcheck | Ttotal | Status | Flags |
---|---|---|---|---|---|---|
r-devel-linux-x86_64-debian-clang | 1.0.0 | 14.14 | 115.86 | 130.00 | NOTE | |
r-devel-linux-x86_64-debian-gcc | 1.0.0 | 11.53 | 86.30 | 97.83 | NOTE | |
r-devel-linux-x86_64-fedora-clang | 1.0.0 | 161.62 | NOTE | |||
r-devel-linux-x86_64-fedora-gcc | 1.0.0 | 160.55 | NOTE | |||
r-devel-windows-x86_64 | 1.0.0 | 13.00 | 107.00 | 120.00 | NOTE | |
r-patched-linux-x86_64 | 1.0.0 | 14.01 | 108.76 | 122.77 | NOTE | |
r-release-linux-x86_64 | 1.0.0 | 9.07 | 108.49 | 117.56 | NOTE | |
r-release-macos-arm64 | 1.0.0 | 50.00 | NOTE | |||
r-release-macos-x86_64 | 1.0.0 | 86.00 | NOTE | |||
r-release-windows-x86_64 | 1.0.0 | 17.00 | 129.00 | 146.00 | NOTE | |
r-oldrel-macos-arm64 | 1.0.0 | 49.00 | NOTE | |||
r-oldrel-macos-x86_64 | 1.0.0 | 85.00 | NOTE | |||
r-oldrel-windows-x86_64 | 1.0.0 | 17.00 | 127.00 | 144.00 | OK |
Version: 1.0.0
Check: Rd files
Result: NOTE
checkRd: (-1) constrained.Rd:37: Escaped LaTeX specials: \&
Flavors: r-devel-linux-x86_64-debian-clang, r-devel-linux-x86_64-debian-gcc, r-devel-linux-x86_64-fedora-clang, r-devel-linux-x86_64-fedora-gcc, r-devel-windows-x86_64, r-patched-linux-x86_64, r-release-linux-x86_64, r-release-macos-arm64, r-release-macos-x86_64, r-release-windows-x86_64
Version: 1.0.0
Check: dependencies in R code
Result: NOTE
Namespaces in Imports field not imported from:
‘Matrix’ ‘Rdpack’
All declared Imports should be used.
Flavors: r-devel-linux-x86_64-fedora-clang, r-devel-linux-x86_64-fedora-gcc, r-oldrel-macos-arm64, r-oldrel-macos-x86_64