CRAN Package Check Results for Package GGally

Last updated on 2021-04-17 22:54:29 CEST.

Flavor Version Tinstall Tcheck Ttotal Status Flags
r-devel-linux-x86_64-debian-clang 2.1.1 12.94 319.66 332.60 OK
r-devel-linux-x86_64-debian-gcc 2.1.1 11.65 224.55 236.20 OK
r-devel-linux-x86_64-fedora-clang 2.1.1 413.04 NOTE
r-devel-linux-x86_64-fedora-gcc 2.1.1 392.49 OK
r-devel-windows-ix86+x86_64 2.1.1 30.00 340.00 370.00 OK
r-devel-windows-x86_64-gcc10-UCRT 2.1.1 OK
r-patched-linux-x86_64 2.1.1 13.58 298.03 311.61 OK
r-patched-solaris-x86 2.1.1 416.50 OK
r-release-linux-x86_64 2.1.1 13.58 295.52 309.10 OK
r-release-macos-x86_64 2.1.1 OK
r-release-windows-ix86+x86_64 2.1.1 28.00 356.00 384.00 OK
r-oldrel-macos-x86_64 2.1.1 OK
r-oldrel-windows-ix86+x86_64 2.1.1 18.00 358.00 376.00 OK

Check Details

Version: 2.1.1
Check: Rd cross-references
Result: NOTE
    Undeclared packages ‘glue’, ‘magrittr’ in Rd xrefs
Flavor: r-devel-linux-x86_64-fedora-clang