Last updated on 2024-04-24 23:00:21 CEST.
Flavor | Version | Tinstall | Tcheck | Ttotal | Status | Flags |
---|---|---|---|---|---|---|
r-devel-linux-x86_64-debian-clang | 1.1 | 5.09 | 55.52 | 60.61 | OK | |
r-devel-linux-x86_64-debian-gcc | 1.1 | 3.77 | 41.88 | 45.65 | OK | |
r-devel-linux-x86_64-fedora-clang | 1.1 | 76.87 | NOTE | |||
r-devel-linux-x86_64-fedora-gcc | 1.1 | 84.58 | NOTE | |||
r-devel-windows-x86_64 | 1.1 | 7.00 | 68.00 | 75.00 | OK | |
r-patched-linux-x86_64 | 1.1 | 5.02 | 54.67 | 59.69 | OK | |
r-release-linux-x86_64 | 1.1 | 3.40 | 53.44 | 56.84 | OK | |
r-release-macos-arm64 | 1.1 | 53.00 | OK | |||
r-release-windows-x86_64 | 1.1 | 7.00 | 66.00 | 73.00 | OK | |
r-oldrel-macos-arm64 | 1.1 | 47.00 | OK | |||
r-oldrel-macos-x86_64 | 1.1 | 79.00 | OK | |||
r-oldrel-windows-x86_64 | 1.1 | 8.00 | 72.00 | 80.00 | OK |
Version: 1.1
Check: data for non-ASCII characters
Result: NOTE
Note: found 866 marked UTF-8 strings
Flavors: r-devel-linux-x86_64-fedora-clang, r-devel-linux-x86_64-fedora-gcc