Last updated on 2023-06-07 22:02:44 CEST.
Flavor | Version | Tinstall | Tcheck | Ttotal | Status | Flags |
---|---|---|---|---|---|---|
r-devel-linux-x86_64-debian-clang | 1.1 | 4.66 | 53.84 | 58.50 | OK | |
r-devel-linux-x86_64-debian-gcc | 1.1 | 4.17 | 40.92 | 45.09 | OK | |
r-devel-linux-x86_64-fedora-clang | 1.1 | 73.33 | NOTE | |||
r-devel-linux-x86_64-fedora-gcc | 1.1 | 81.39 | NOTE | |||
r-devel-windows-x86_64 | 1.1 | 8.00 | 67.00 | 75.00 | OK | |
r-patched-linux-x86_64 | 1.1 | 4.76 | 51.69 | 56.45 | OK | |
r-release-linux-x86_64 | 1.1 | 4.36 | 51.55 | 55.91 | OK | |
r-release-macos-arm64 | 1.1 | 53.00 | OK | |||
r-release-macos-x86_64 | 1.1 | 79.00 | OK | |||
r-release-windows-x86_64 | 1.1 | 8.00 | 73.00 | 81.00 | OK | |
r-oldrel-macos-arm64 | 1.1 | 47.00 | OK | |||
r-oldrel-macos-x86_64 | 1.1 | 57.00 | OK | |||
r-oldrel-windows-x86_64 | 1.1 | 9.00 | 92.00 | 101.00 | OK |
Version: 1.1
Check: data for non-ASCII characters
Result: NOTE
Note: found 866 marked UTF-8 strings
Flavors: r-devel-linux-x86_64-fedora-clang, r-devel-linux-x86_64-fedora-gcc