CRAN Package Check Results for Package GLDEX

Last updated on 2018-06-24 22:49:21 CEST.

Flavor Version Tinstall Tcheck Ttotal Status Flags
r-devel-linux-x86_64-debian-clang 2.0.0.5 7.90 54.44 62.34 NOTE
r-devel-linux-x86_64-debian-gcc 2.0.0.5 7.42 40.55 47.97 NOTE
r-devel-linux-x86_64-fedora-clang 2.0.0.5 72.88 NOTE
r-devel-linux-x86_64-fedora-gcc 2.0.0.5 69.66 NOTE
r-devel-windows-ix86+x86_64 2.0.0.5 27.00 82.00 109.00 OK
r-patched-linux-x86_64 2.0.0.5 7.86 52.18 60.04 NOTE
r-patched-solaris-x86 2.0.0.5 103.00 OK
r-release-linux-x86_64 2.0.0.5 7.93 52.02 59.95 NOTE
r-release-windows-ix86+x86_64 2.0.0.5 26.00 95.00 121.00 OK
r-release-osx-x86_64 2.0.0.5 OK
r-oldrel-windows-ix86+x86_64 2.0.0.5 17.00 97.00 114.00 OK
r-oldrel-osx-x86_64 2.0.0.5 OK

Check Details

Version: 2.0.0.5
Check: compiled code
Result: NOTE
    File ‘GLDEX/libs/GLDEX.so’:
     Found no calls to: ‘R_registerRoutines’, ‘R_useDynamicSymbols’
    
    It is good practice to register native routines and to disable symbol
    search.
    
    See ‘Writing portable packages’ in the ‘Writing R Extensions’ manual.
Flavors: r-devel-linux-x86_64-debian-clang, r-devel-linux-x86_64-debian-gcc, r-devel-linux-x86_64-fedora-clang, r-devel-linux-x86_64-fedora-gcc, r-patched-linux-x86_64, r-release-linux-x86_64