Last updated on 2023-03-25 22:55:30 CET.
Flavor | Version | Tinstall | Tcheck | Ttotal | Status | Flags |
---|---|---|---|---|---|---|
r-devel-linux-x86_64-debian-clang | 1.4 | 40.42 | 207.03 | 247.45 | OK | |
r-devel-linux-x86_64-debian-gcc | 1.4 | 29.58 | 149.38 | 178.96 | OK | |
r-devel-linux-x86_64-fedora-gcc | 1.4 | 306.39 | OK | |||
r-devel-windows-x86_64 | 1.4 | 60.00 | 342.00 | 402.00 | OK | |
r-patched-linux-x86_64 | 1.4 | 33.77 | 197.69 | 231.46 | OK | |
r-release-linux-x86_64 | 1.4 | 27.31 | 196.13 | 223.44 | OK | |
r-release-macos-arm64 | 1.4 | 85.00 | OK | |||
r-release-macos-x86_64 | 1.4 | 120.00 | OK | |||
r-release-windows-x86_64 | 1.4 | 60.00 | 348.00 | 408.00 | OK | |
r-oldrel-macos-arm64 | 1.4 | 94.00 | NOTE | |||
r-oldrel-macos-x86_64 | 1.4 | 181.00 | OK | |||
r-oldrel-windows-ix86+x86_64 | 1.4 | 88.00 | 413.00 | 501.00 | OK |
Version: 1.4
Check: installed package size
Result: NOTE
installed size is 5.2Mb
sub-directories of 1Mb or more:
data 1.2Mb
doc 1.1Mb
libs 2.5Mb
Flavor: r-oldrel-macos-arm64